{"id":112,"date":"2021-01-15T15:07:03","date_gmt":"2021-01-15T13:07:03","guid":{"rendered":"https:\/\/monikkoperheet.fi\/etela-karjala\/?page_id=112"},"modified":"2025-09-15T17:14:12","modified_gmt":"2025-09-15T14:14:12","slug":"monikkoperhevalmennus","status":"publish","type":"page","link":"https:\/\/monikkoperheet.fi\/etela-karjala\/monikkoperhevalmennus\/","title":{"rendered":"Monikkoperhevalmennus"},"content":{"rendered":"\n<h3 class=\"wp-block-heading\">Yhdistyksemme toiminta-alueella j\u00e4rjestet\u00e4\u00e4n monikkoperhevalmennusta<\/h3>\n\n\n\n<p>Monikkoperhevalmennusta pidet\u00e4\u00e4n yhteisty\u00f6ss\u00e4 Etel\u00e4-Karjalan hyvinvointialueen (Ekhvan) henkil\u00f6kunnan kanssa. Kaksosten ja kolmosten odottajat saavat tiedon valmennuksesta sairaalan kautta. <br>Valmennuksia pidet\u00e4\u00e4n tarpeen, eli monikko-odottajien m\u00e4\u00e4r\u00e4n, mukaan.<\/p>\n\n\n\n<h4 class=\"wp-block-heading\">Kysy valmennuksesta:<\/h4>\n\n\n\n<p><a href=\"mailto:info.ekmonikot@gmail.com\">info.ekmonikot@gmail.com<\/a><\/p>\n","protected":false},"excerpt":{"rendered":"<p>Yhdistyksemme toiminta-alueella j\u00e4rjestet\u00e4\u00e4n monikkoperhevalmennusta Monikkoperhevalmennusta pidet\u00e4\u00e4n yhteisty\u00f6ss\u00e4 Etel\u00e4-Karjalan hyvinvointialueen (Ekhvan) henkil\u00f6kunnan kanssa. Kaksosten ja kolmosten odottajat saavat tiedon valmennuksesta sairaalan kautta. Valmennuksia pidet\u00e4\u00e4n tarpeen, eli monikko-odottajien m\u00e4\u00e4r\u00e4n, mukaan. Kysy valmennuksesta: info.ekmonikot@gmail.com<\/p>\n","protected":false},"author":2,"featured_media":0,"parent":0,"menu_order":0,"comment_status":"closed","ping_status":"closed","template":"","meta":{"_acf_changed":false,"footnotes":""},"class_list":["post-112","page","type-page","status-publish","hentry"],"acf":[],"aioseo_notices":[],"_links":{"self":[{"href":"https:\/\/monikkoperheet.fi\/etela-karjala\/wp-json\/wp\/v2\/pages\/112","targetHints":{"allow":["GET"]}}],"collection":[{"href":"https:\/\/monikkoperheet.fi\/etela-karjala\/wp-json\/wp\/v2\/pages"}],"about":[{"href":"https:\/\/monikkoperheet.fi\/etela-karjala\/wp-json\/wp\/v2\/types\/page"}],"author":[{"embeddable":true,"href":"https:\/\/monikkoperheet.fi\/etela-karjala\/wp-json\/wp\/v2\/users\/2"}],"replies":[{"embeddable":true,"href":"https:\/\/monikkoperheet.fi\/etela-karjala\/wp-json\/wp\/v2\/comments?post=112"}],"version-history":[{"count":7,"href":"https:\/\/monikkoperheet.fi\/etela-karjala\/wp-json\/wp\/v2\/pages\/112\/revisions"}],"predecessor-version":[{"id":279,"href":"https:\/\/monikkoperheet.fi\/etela-karjala\/wp-json\/wp\/v2\/pages\/112\/revisions\/279"}],"wp:attachment":[{"href":"https:\/\/monikkoperheet.fi\/etela-karjala\/wp-json\/wp\/v2\/media?parent=112"}],"curies":[{"name":"wp","href":"https:\/\/api.w.org\/{rel}","templated":true}]}}