{"id":99,"date":"2021-01-15T14:54:31","date_gmt":"2021-01-15T12:54:31","guid":{"rendered":"https:\/\/monikkoperheet.fi\/etela-pohjanmaa\/?page_id=99"},"modified":"2025-04-27T14:06:20","modified_gmt":"2025-04-27T11:06:20","slug":"yhteystiedot","status":"publish","type":"page","link":"https:\/\/monikkoperheet.fi\/etela-pohjanmaa\/yhteystiedot\/","title":{"rendered":"Yhteystiedot"},"content":{"rendered":"\n<p><strong>Etel\u00e4-Pohjanmaan Monikkoperheet ry toimii t\u00e4ysin vapaaehtoisvoimin. <\/strong><br>Yhdistyksen hallituksen\/vapaaehtoistoimijat tavoitat s\u00e4hk\u00f6postitse.<\/p>\n\n\n\n<div style=\"height:20px\" aria-hidden=\"true\" class=\"wp-block-spacer\"><\/div>\n\n\n\n<div class=\"wp-block-columns is-layout-flex wp-container-core-columns-is-layout-9d6595d7 wp-block-columns-is-layout-flex\">\n<div class=\"wp-block-column is-layout-flow wp-block-column-is-layout-flow\"><div class=\"wp-block-image\">\n<figure class=\"aligncenter size-large is-resized\"><img loading=\"lazy\" decoding=\"async\" width=\"88\" height=\"95\" src=\"https:\/\/monikkoperheet.fi\/etela-pohjanmaa\/wp-content\/uploads\/sites\/8\/2021\/01\/otayhteytta.png\" alt=\"\" class=\"wp-image-62\" style=\"width:79px;height:85px\" \/><\/figure>\n<\/div><\/div>\n\n\n\n<div class=\"wp-block-column is-layout-flow wp-block-column-is-layout-flow\"><div class=\"wp-block-image\">\n<figure class=\"aligncenter size-large is-resized\"><img loading=\"lazy\" decoding=\"async\" width=\"1024\" height=\"576\" src=\"https:\/\/monikkoperheet.fi\/etela-pohjanmaa\/wp-content\/uploads\/sites\/8\/2021\/01\/somelogot-1024x576.jpg\" alt=\"\" class=\"wp-image-132\" style=\"width:220px;height:123px\" srcset=\"https:\/\/monikkoperheet.fi\/etela-pohjanmaa\/wp-content\/uploads\/sites\/8\/2021\/01\/somelogot-1024x576.jpg 1024w, https:\/\/monikkoperheet.fi\/etela-pohjanmaa\/wp-content\/uploads\/sites\/8\/2021\/01\/somelogot-300x169.jpg 300w, https:\/\/monikkoperheet.fi\/etela-pohjanmaa\/wp-content\/uploads\/sites\/8\/2021\/01\/somelogot-768x432.jpg 768w, https:\/\/monikkoperheet.fi\/etela-pohjanmaa\/wp-content\/uploads\/sites\/8\/2021\/01\/somelogot-1200x675.jpg 1200w, https:\/\/monikkoperheet.fi\/etela-pohjanmaa\/wp-content\/uploads\/sites\/8\/2021\/01\/somelogot.jpg 1280w\" sizes=\"auto, (max-width: 1024px) 100vw, 1024px\" \/><\/figure>\n<\/div><\/div>\n<\/div>\n\n\n\n<div class=\"wp-block-columns is-layout-flex wp-container-core-columns-is-layout-9d6595d7 wp-block-columns-is-layout-flex\">\n<div class=\"wp-block-column is-layout-flow wp-block-column-is-layout-flow\">\n<h4 class=\"wp-block-heading\">Yhdistyksen s\u00e4hk\u00f6postiosoitteet:<\/h4>\n\n\n\n<p><strong>Yleiss\u00e4hk\u00f6postiosoite:<\/strong> <a href=\"mailto:epmonikkoperheet@gmail.com\">epmonikkoperheet@gmail.com<\/a><\/p>\n\n\n\n<p><strong>J\u00e4senasiat:<\/strong> <a href=\"mailto:epmonikkoperheet@gmail.com\">epmonikkoperheet@gmail.com<\/a><\/p>\n\n\n\n<p><strong>Monikkoperhevalmennus:<\/strong> <a href=\"mailto:epmonikkoperheet@gmail.com\">epmonikkoperheet@gmail.com<\/a><\/p>\n<\/div>\n\n\n\n<div class=\"wp-block-column is-layout-flow wp-block-column-is-layout-flow\">\n<h4 class=\"wp-block-heading\">Yhdistys sosiaalisessa mediassa:<\/h4>\n\n\n\n<p><strong>Facebook: <\/strong><a href=\"https:\/\/www.facebook.com\/Etel%C3%A4-Pohjanmaan-Monikkoperheet-ry-105474962815799\" data-type=\"URL\" data-id=\"https:\/\/www.facebook.com\/Etel%C3%A4-Pohjanmaan-Monikkoperheet-ry-105474962815799\" target=\"_blank\" rel=\"noreferrer noopener\">Etel\u00e4-Pohjanmaan Monikkoperheet ry<\/a><\/p>\n\n\n\n<p><strong>Instagram: <\/strong><a href=\"https:\/\/www.instagram.com\/epmonikkoperheetry\/\" title=\"\">epmonikkoperheetry<\/a><\/p>\n<\/div>\n<\/div>\n\n\n\n<hr class=\"wp-block-separator has-css-opacity\" \/>\n\n\n\n<h4 class=\"wp-block-heading\">Yhdistyksen hallitus 2025:<\/h4>\n\n\n\n<p><strong>Puheenjohtaja, sihteeri:<\/strong> Sirpa Korpiniemi<\/p>\n\n\n\n<p><strong>Varapuheenjohtaja: <\/strong>Sari V\u00e4liaho <\/p>\n\n\n\n<p><strong>J\u00e4senvastaava, rahastonhoitaja:<\/strong> Sini M\u00e4kinen<\/p>\n\n\n\n<p><strong>Tiedotusvastaava, sosiaalinen media:<\/strong> Merja M\u00e4enp\u00e4\u00e4<\/p>\n\n\n\n<p><strong>Hallituksen j\u00e4sen, nettisivut<\/strong>: Mari Luomanen<\/p>\n\n\n\n<p><strong>Hallituksen j\u00e4sen<\/strong>: Aki M\u00e4kinen<\/p>\n\n\n\n<p><strong>Hallituksen j\u00e4sen:<\/strong> Rosa-Maria Hvitfelt<\/p>\n\n\n\n<p><strong>Hallituksen j\u00e4sen<\/strong>: Jaana Raina<\/p>\n\n\n\n<p><em>Yhdistyksen vapaaehtoistoimijat tavoitat yhdistyksen s\u00e4hk\u00f6postiosoitteella.<\/em><\/p>\n\n\n\n<hr class=\"wp-block-separator has-css-opacity\" \/>\n\n\n\n<h5 class=\"wp-block-heading\"><\/h5>\n","protected":false},"excerpt":{"rendered":"<p>Etel\u00e4-Pohjanmaan Monikkoperheet ry toimii t\u00e4ysin vapaaehtoisvoimin. Yhdistyksen hallituksen\/vapaaehtoistoimijat tavoitat s\u00e4hk\u00f6postitse. Yhdistyksen s\u00e4hk\u00f6postiosoitteet: Yleiss\u00e4hk\u00f6postiosoite: epmonikkoperheet@gmail.com J\u00e4senasiat: epmonikkoperheet@gmail.com Monikkoperhevalmennus: epmonikkoperheet@gmail.com Yhdistys sosiaalisessa mediassa: Facebook: Etel\u00e4-Pohjanmaan Monikkoperheet ry Instagram: epmonikkoperheetry Yhdistyksen hallitus 2025: Puheenjohtaja, sihteeri: Sirpa Korpiniemi Varapuheenjohtaja: Sari V\u00e4liaho J\u00e4senvastaava, rahastonhoitaja: Sini M\u00e4kinen Tiedotusvastaava, sosiaalinen media: Merja M\u00e4enp\u00e4\u00e4 Hallituksen j\u00e4sen, nettisivut: Mari Luomanen Hallituksen j\u00e4sen: Aki M\u00e4kinen [&hellip;]<\/p>\n","protected":false},"author":2,"featured_media":0,"parent":0,"menu_order":0,"comment_status":"closed","ping_status":"closed","template":"","meta":{"_acf_changed":false,"footnotes":""},"class_list":["post-99","page","type-page","status-publish","hentry"],"acf":[],"aioseo_notices":[],"_links":{"self":[{"href":"https:\/\/monikkoperheet.fi\/etela-pohjanmaa\/wp-json\/wp\/v2\/pages\/99","targetHints":{"allow":["GET"]}}],"collection":[{"href":"https:\/\/monikkoperheet.fi\/etela-pohjanmaa\/wp-json\/wp\/v2\/pages"}],"about":[{"href":"https:\/\/monikkoperheet.fi\/etela-pohjanmaa\/wp-json\/wp\/v2\/types\/page"}],"author":[{"embeddable":true,"href":"https:\/\/monikkoperheet.fi\/etela-pohjanmaa\/wp-json\/wp\/v2\/users\/2"}],"replies":[{"embeddable":true,"href":"https:\/\/monikkoperheet.fi\/etela-pohjanmaa\/wp-json\/wp\/v2\/comments?post=99"}],"version-history":[{"count":21,"href":"https:\/\/monikkoperheet.fi\/etela-pohjanmaa\/wp-json\/wp\/v2\/pages\/99\/revisions"}],"predecessor-version":[{"id":275,"href":"https:\/\/monikkoperheet.fi\/etela-pohjanmaa\/wp-json\/wp\/v2\/pages\/99\/revisions\/275"}],"wp:attachment":[{"href":"https:\/\/monikkoperheet.fi\/etela-pohjanmaa\/wp-json\/wp\/v2\/media?parent=99"}],"curies":[{"name":"wp","href":"https:\/\/api.w.org\/{rel}","templated":true}]}}