{"id":67,"date":"2021-01-12T07:47:44","date_gmt":"2021-01-12T05:47:44","guid":{"rendered":"https:\/\/monikkoperheet.fi\/paijat-hameen-monikkoperheet\/?page_id=67"},"modified":"2025-12-09T08:25:35","modified_gmt":"2025-12-09T06:25:35","slug":"jaseneksi","status":"publish","type":"page","link":"https:\/\/monikkoperheet.fi\/hyvinkaa\/jaseneksi\/","title":{"rendered":"J\u00e4seneksi"},"content":{"rendered":"\n<h3 class=\"wp-block-heading\">TIETOA J\u00c4SENYYDEST\u00c4<\/h3>\n\n\n\n<h5 class=\"wp-block-heading\">Tietoa alueellisen monikkoperheyhdistyksen j\u00e4senyydest\u00e4<\/h5>\n\n\n\n<p>J\u00e4seneksi haluava henkil\u00f6\/ perhe liittyy j\u00e4seneksi omalla alueellaan toimivaan monikkoperheyhdistykseen.&nbsp;<\/p>\n\n\n\n<p><strong>Tervetuloa mukaan Hyvink\u00e4\u00e4n Seudun Monikkoperheet ry:n toimintaan!<\/strong><\/p>\n\n\n\n<p>Kaikki monikkoperheet ovat l\u00e4mpim\u00e4sti tervetulleita yhdistyksemme j\u00e4seniksi. Jo odotusaikana kannattaa l\u00e4hte\u00e4 tapahtumiin mukaan tutustumaan muihin perheisiin! Voitte liitty\u00e4 my\u00f6s kannatusj\u00e4seneksi, mik\u00e4li haluatte tukea yhdistyksemme toimintaa! J\u00e4senen\u00e4 perheell\u00e4nne on mahdollisuus osallistua eri tapahtumiimme ja saatte my\u00f6s lukuisia etuja j\u00e4senkortillamme eri yhteisty\u00f6kumppaneiltamme.<\/p>\n\n\n\n<p>J\u00e4senmaksumme on\u00a0<strong>35\u20ac<\/strong>\/vuosi. <\/p>\n\n\n\n<p>Liity j\u00e4seneksi alla olevalla lomakkeella. Lomakkeen l\u00e4hett\u00e4misen j\u00e4lkeen otamme sinuun yhteytt\u00e4 s\u00e4hk\u00f6postitse noin viikon kuluessa ja kerromme j\u00e4senmaksun maksutiedot.<br>Mik\u00e4li yhteydenottoa ei kuulu, voit olla yhteyksiss\u00e4 meihin p\u00e4in s\u00e4hk\u00f6postitse <a href=\"mailto:hyvinkaanmonikot@gmail.com\">hyvinkaanmonikot@gmail.com<\/a><\/p>\n\n\n\n<div class=\"wp-block-buttons is-layout-flex wp-block-buttons-is-layout-flex\">\n<div class=\"wp-block-button\"><a class=\"wp-block-button__link wp-element-button\" href=\"https:\/\/monikkoperheet.fi\/jaseneksi\/liittymislomake\/\">T\u00e4yt\u00e4 liittymislomake<\/a><\/div>\n<\/div>\n\n\n\n<hr class=\"wp-block-separator has-alpha-channel-opacity\"\/>\n\n\n\n<h4 class=\"wp-block-heading\">J\u00e4senetuja saatavilla ymp\u00e4ri Suomen<\/h4>\n\n\n\n<p>Koko Suomen etuliikkeet l\u00f6yd\u00e4t p\u00e4\u00e4sivuston, Suomen Monikkoperheet ry:n sivulta&nbsp;<a href=\"https:\/\/monikkoperheet.fi\/jaseneksi\/jasenetuliikkeet\/\">J\u00e4senetuliikkeet<\/a><\/p>\n\n\n\n<hr class=\"wp-block-separator has-alpha-channel-opacity\"\/>\n\n\n\n<p><strong>J\u00e4senedut saat k\u00e4ytt\u00f6\u00f6si, kun maksat yhdistyksen j\u00e4senmaksun ja saat sitten itsellesi k\u00e4ytt\u00f6\u00f6n j\u00e4senkortin (pdf-tiedosto s\u00e4hk\u00f6postiisi).<\/strong><\/p>\n","protected":false},"excerpt":{"rendered":"<p>TIETOA J\u00c4SENYYDEST\u00c4 Tietoa alueellisen monikkoperheyhdistyksen j\u00e4senyydest\u00e4 J\u00e4seneksi haluava henkil\u00f6\/ perhe liittyy j\u00e4seneksi omalla alueellaan toimivaan monikkoperheyhdistykseen.&nbsp; Tervetuloa mukaan Hyvink\u00e4\u00e4n Seudun Monikkoperheet ry:n toimintaan! Kaikki monikkoperheet ovat l\u00e4mpim\u00e4sti tervetulleita yhdistyksemme j\u00e4seniksi. Jo odotusaikana kannattaa l\u00e4hte\u00e4 tapahtumiin mukaan tutustumaan muihin perheisiin! Voitte liitty\u00e4 my\u00f6s kannatusj\u00e4seneksi, mik\u00e4li haluatte tukea yhdistyksemme toimintaa! J\u00e4senen\u00e4 perheell\u00e4nne on mahdollisuus osallistua eri tapahtumiimme [&hellip;]<\/p>\n","protected":false},"author":1,"featured_media":0,"parent":0,"menu_order":0,"comment_status":"closed","ping_status":"closed","template":"","meta":{"_acf_changed":false,"footnotes":""},"class_list":["post-67","page","type-page","status-publish","hentry"],"acf":[],"aioseo_notices":[],"_links":{"self":[{"href":"https:\/\/monikkoperheet.fi\/hyvinkaa\/wp-json\/wp\/v2\/pages\/67","targetHints":{"allow":["GET"]}}],"collection":[{"href":"https:\/\/monikkoperheet.fi\/hyvinkaa\/wp-json\/wp\/v2\/pages"}],"about":[{"href":"https:\/\/monikkoperheet.fi\/hyvinkaa\/wp-json\/wp\/v2\/types\/page"}],"author":[{"embeddable":true,"href":"https:\/\/monikkoperheet.fi\/hyvinkaa\/wp-json\/wp\/v2\/users\/1"}],"replies":[{"embeddable":true,"href":"https:\/\/monikkoperheet.fi\/hyvinkaa\/wp-json\/wp\/v2\/comments?post=67"}],"version-history":[{"count":10,"href":"https:\/\/monikkoperheet.fi\/hyvinkaa\/wp-json\/wp\/v2\/pages\/67\/revisions"}],"predecessor-version":[{"id":635,"href":"https:\/\/monikkoperheet.fi\/hyvinkaa\/wp-json\/wp\/v2\/pages\/67\/revisions\/635"}],"wp:attachment":[{"href":"https:\/\/monikkoperheet.fi\/hyvinkaa\/wp-json\/wp\/v2\/media?parent=67"}],"curies":[{"name":"wp","href":"https:\/\/api.w.org\/{rel}","templated":true}]}}