{"id":99,"date":"2021-01-15T14:54:31","date_gmt":"2021-01-15T12:54:31","guid":{"rendered":"https:\/\/monikkoperheet.fi\/hyvinkaa\/?page_id=99"},"modified":"2026-01-07T18:15:10","modified_gmt":"2026-01-07T16:15:10","slug":"yhteystiedot","status":"publish","type":"page","link":"https:\/\/monikkoperheet.fi\/hyvinkaa\/yhteystiedot\/","title":{"rendered":"Yhteystiedot"},"content":{"rendered":"\n<p><strong>Hyvink\u00e4\u00e4n Seudun Monikkoperheet ry toimii t\u00e4ysin vapaaehtoisvoimin. <\/strong><br>Yhdistyksen hallituksen\/vapaaehtoistoimijat tavoitat s\u00e4hk\u00f6postitse.<\/p>\n\n\n\n<div style=\"height:20px\" aria-hidden=\"true\" class=\"wp-block-spacer\"><\/div>\n\n\n\n<div class=\"wp-block-columns is-layout-flex wp-container-core-columns-is-layout-9d6595d7 wp-block-columns-is-layout-flex\">\n<div class=\"wp-block-column is-layout-flow wp-block-column-is-layout-flow\"><div class=\"wp-block-image\">\n<figure class=\"aligncenter size-large is-resized\"><img loading=\"lazy\" decoding=\"async\" width=\"88\" height=\"95\" src=\"https:\/\/monikkoperheet.fi\/hyvinkaa\/wp-content\/uploads\/sites\/10\/2021\/01\/otayhteytta.png\" alt=\"\" class=\"wp-image-62\" style=\"width:79px;height:85px\" \/><\/figure>\n<\/div><\/div>\n\n\n\n<div class=\"wp-block-column is-layout-flow wp-block-column-is-layout-flow\"><div class=\"wp-block-image\">\n<figure class=\"aligncenter size-large is-resized\"><img loading=\"lazy\" decoding=\"async\" width=\"1024\" height=\"576\" src=\"https:\/\/monikkoperheet.fi\/hyvinkaa\/wp-content\/uploads\/sites\/10\/2021\/01\/somelogot-1024x576.jpg\" alt=\"\" class=\"wp-image-132\" style=\"width:220px;height:123px\" srcset=\"https:\/\/monikkoperheet.fi\/hyvinkaa\/wp-content\/uploads\/sites\/10\/2021\/01\/somelogot-1024x576.jpg 1024w, https:\/\/monikkoperheet.fi\/hyvinkaa\/wp-content\/uploads\/sites\/10\/2021\/01\/somelogot-300x169.jpg 300w, https:\/\/monikkoperheet.fi\/hyvinkaa\/wp-content\/uploads\/sites\/10\/2021\/01\/somelogot-768x432.jpg 768w, https:\/\/monikkoperheet.fi\/hyvinkaa\/wp-content\/uploads\/sites\/10\/2021\/01\/somelogot-1200x675.jpg 1200w, https:\/\/monikkoperheet.fi\/hyvinkaa\/wp-content\/uploads\/sites\/10\/2021\/01\/somelogot.jpg 1280w\" sizes=\"auto, (max-width: 1024px) 100vw, 1024px\" \/><\/figure>\n<\/div><\/div>\n<\/div>\n\n\n\n<div class=\"wp-block-columns is-layout-flex wp-container-core-columns-is-layout-9d6595d7 wp-block-columns-is-layout-flex\">\n<div class=\"wp-block-column is-layout-flow wp-block-column-is-layout-flow\">\n<h4 class=\"wp-block-heading\">Yhdistyksen s\u00e4hk\u00f6postiosoitteet:<\/h4>\n\n\n\n<p><strong>Yleiss\u00e4hk\u00f6postiosoite:<\/strong> <a href=\"mailto:hyvinkaanmonikot@gmail.com\">hyvinkaanmonikot@gmail.com<\/a><\/p>\n\n\n\n<p><strong>J\u00e4senasiat:<\/strong> <a href=\"mailto:hyvinkaanmonikot@gmail.com\">hyvinkaanmonikot@gmail.com<\/a><\/p>\n\n\n\n<p><strong>Monikkoperhevalmennus:<\/strong> <a href=\"mailto:hyvinkaanmonikot@gmail.com\">hyvinkaanmonikot@gmail.com<\/a><\/p>\n<\/div>\n\n\n\n<div class=\"wp-block-column is-layout-flow wp-block-column-is-layout-flow\">\n<h4 class=\"wp-block-heading\">Yhdistys sosiaalisessa mediassa:<\/h4>\n\n\n\n<p><strong>Facebook: <\/strong><a href=\"https:\/\/www.facebook.com\/hyvinkaanseudunmonikotry\" data-type=\"URL\" data-id=\"https:\/\/www.facebook.com\/hyvinkaanseudunmonikotry\" target=\"_blank\" rel=\"noreferrer noopener\">Hyvinkaan seudun Monikkoperheet ry<\/a><\/p>\n\n\n\n<p><strong>Facebook suljettu ryhm\u00e4 j\u00e4senille: <\/strong><a href=\"https:\/\/www.facebook.com\/groups\/356503690422\/?fref=ts\" data-type=\"URL\" data-id=\"https:\/\/www.facebook.com\/groups\/356503690422\/?fref=ts\" target=\"_blank\" rel=\"noreferrer noopener\">Hyvink\u00e4\u00e4n seudun monikkoperheet <\/a><\/p>\n\n\n\n<p><strong>Instagram: <\/strong><a href=\"https:\/\/www.instagram.com\/hyvinkaanseudunmonikot\/\" title=\"hyvinkaanseudunmonikot\">hyvinkaanseudunmonikot<\/a><\/p>\n<\/div>\n<\/div>\n\n\n\n<hr class=\"wp-block-separator has-css-opacity\" \/>\n\n\n\n<h4 class=\"wp-block-heading\">Yhdistyksen hallitus:<\/h4>\n\n\n\n<p><strong>Vuonna 2026<\/strong><\/p>\n\n\n\n<p><strong>Puheenjohtaja:<\/strong> Kata V\u00e4ike<\/p>\n\n\n\n<p><strong>Varapuheenjohtaja: <\/strong>Tiina Bomb-Taiponen<\/p>\n\n\n\n<p><strong>Sihteeri:<\/strong> Jaana J\u00e4rvinen<\/p>\n\n\n\n<p><strong>J\u00e4sensihteeri:<\/strong> Jasmin Melander<\/p>\n\n\n\n<p><strong>Hallituksen j\u00e4sen:<\/strong> Tonttu Bomb-Taiponen<\/p>\n\n\n\n<p><strong>Hallituksen j\u00e4sen, tiedotus- ja somevastaava:<\/strong> Tuuli Pohjasniemi<\/p>\n\n\n\n<p><strong>Hallituksen j\u00e4sen, Monikkoperhevalmennusvastaava: <\/strong>Kata V\u00e4ike<\/p>\n\n\n\n<p><\/p>\n\n\n\n<hr class=\"wp-block-separator has-css-opacity\" \/>\n\n\n\n<p><\/p>\n","protected":false},"excerpt":{"rendered":"<p>Hyvink\u00e4\u00e4n Seudun Monikkoperheet ry toimii t\u00e4ysin vapaaehtoisvoimin. Yhdistyksen hallituksen\/vapaaehtoistoimijat tavoitat s\u00e4hk\u00f6postitse. Yhdistyksen s\u00e4hk\u00f6postiosoitteet: Yleiss\u00e4hk\u00f6postiosoite: hyvinkaanmonikot@gmail.com J\u00e4senasiat: hyvinkaanmonikot@gmail.com Monikkoperhevalmennus: hyvinkaanmonikot@gmail.com Yhdistys sosiaalisessa mediassa: Facebook: Hyvinkaan seudun Monikkoperheet ry Facebook suljettu ryhm\u00e4 j\u00e4senille: Hyvink\u00e4\u00e4n seudun monikkoperheet Instagram: hyvinkaanseudunmonikot Yhdistyksen hallitus: Vuonna 2026 Puheenjohtaja: Kata V\u00e4ike Varapuheenjohtaja: Tiina Bomb-Taiponen Sihteeri: Jaana J\u00e4rvinen J\u00e4sensihteeri: Jasmin Melander Hallituksen j\u00e4sen: Tonttu [&hellip;]<\/p>\n","protected":false},"author":2,"featured_media":0,"parent":0,"menu_order":0,"comment_status":"closed","ping_status":"closed","template":"templates\/page-narrow.php","meta":{"_acf_changed":false,"footnotes":""},"class_list":["post-99","page","type-page","status-publish","hentry"],"acf":[],"aioseo_notices":[],"_links":{"self":[{"href":"https:\/\/monikkoperheet.fi\/hyvinkaa\/wp-json\/wp\/v2\/pages\/99","targetHints":{"allow":["GET"]}}],"collection":[{"href":"https:\/\/monikkoperheet.fi\/hyvinkaa\/wp-json\/wp\/v2\/pages"}],"about":[{"href":"https:\/\/monikkoperheet.fi\/hyvinkaa\/wp-json\/wp\/v2\/types\/page"}],"author":[{"embeddable":true,"href":"https:\/\/monikkoperheet.fi\/hyvinkaa\/wp-json\/wp\/v2\/users\/2"}],"replies":[{"embeddable":true,"href":"https:\/\/monikkoperheet.fi\/hyvinkaa\/wp-json\/wp\/v2\/comments?post=99"}],"version-history":[{"count":26,"href":"https:\/\/monikkoperheet.fi\/hyvinkaa\/wp-json\/wp\/v2\/pages\/99\/revisions"}],"predecessor-version":[{"id":643,"href":"https:\/\/monikkoperheet.fi\/hyvinkaa\/wp-json\/wp\/v2\/pages\/99\/revisions\/643"}],"wp:attachment":[{"href":"https:\/\/monikkoperheet.fi\/hyvinkaa\/wp-json\/wp\/v2\/media?parent=99"}],"curies":[{"name":"wp","href":"https:\/\/api.w.org\/{rel}","templated":true}]}}