{"id":114,"date":"2021-01-15T15:07:30","date_gmt":"2021-01-15T13:07:30","guid":{"rendered":"https:\/\/monikkoperheet.fi\/paijat-hame\/?page_id=114"},"modified":"2026-04-04T11:04:00","modified_gmt":"2026-04-04T08:04:00","slug":"tapahtumat","status":"publish","type":"page","link":"https:\/\/monikkoperheet.fi\/paijat-hame\/tapahtumat\/","title":{"rendered":"Tapahtumat"},"content":{"rendered":"\n<h4 class=\"wp-block-heading\"><strong>P\u00e4ij\u00e4t-H\u00e4meen Monikkoperheet ry:n tapahtumat<\/strong> <strong>kev\u00e4t 2026<\/strong><\/h4>\n\n\n\n<p><\/p>\n\n\n\n<p><strong>TULEVAT TAPAHTUMAT<\/strong><\/p>\n\n\n\n<p>\u25cf<strong>Isien iltaa vietet\u00e4\u00e4n lauantaina 18.4. klo 16:30 alkaen seuraavasti<\/strong>:<\/p>\n\n\n\n<ul class=\"wp-block-list\">\n<li>16:30 Karting-ajoa Kart in Clubissa (Asentajankatu 5)\u00a0<\/li>\n\n\n\n<li>18:00 Ruokailu Coppa Eateryssa\u00a0(Aleksanterinkatu 16)<\/li>\n<\/ul>\n\n\n\n<p>Yhdistys tarjoaa j\u00e4senilleen 1 x 10 min Karting-ajoa sek\u00e4 p\u00e4\u00e4ruuan (\u00e1 30e) ravintolassa. Juomat ovat omakustanteiset.&nbsp;Ilmoittautumiset s\u00e4hk\u00f6postitse&nbsp;<a href=\"mailto:phmonikotry@gmail.com\" target=\"_blank\" rel=\"noreferrer noopener\">phmonikotry@gmail.com<\/a>&nbsp;10.4. menness\u00e4. Kerro ilmoittautumisen yhteydess\u00e4 osallistutko sek\u00e4 Karting-ajoon ett\u00e4 ruokailuun vai vain toiseen.&nbsp;<\/p>\n\n\n\n<p>\u25cf <strong>Vappukahvila Launeen Perhepuistossa 2.5.2026 klo 14-16. <\/strong>Tarjolla pient\u00e4 sy\u00f6t\u00e4v\u00e4\u00e4 ja juotavaa. Ei ennakkoilmoittautumista. <\/p>\n\n\n\n<p>\u25cf <strong>\u00c4itien ilta 23.5.2026 klo 17:30 Pincho Nation Lahti. <\/strong>Yhdistys tarjoaa ruuat j\u00e4senilleen. Juomat ovat omakustanteiset. Ilmoittautumiset perjantaihin 8.5. menness\u00e4 s\u00e4hk\u00f6postitse phmonikotry@gmail.com. <\/p>\n\n\n\n<p>\u25cf <strong>Koko perheen kes\u00e4retki 13.6.2026. Aika ja paikka ilmoitetaan my\u00f6hemmin. <\/strong>Sitovat ilmoittautumiset s\u00e4hk\u00f6postitse phmonikotry@gmail.com 31.5.2026 menness\u00e4. <\/p>\n\n\n\n<p><strong>MENNEET TAPAHTUMAT<\/strong><\/p>\n\n\n\n<p>\u25cf <strong>Monikkokahvila sunnuntaina 22.3.2026 klo 10-12 Lahden Perhetuvalla <\/strong>(Kirkkokatu 27, 15140 Lahti (Kumppanuustalo Fellmannia)) Tarjolla pient\u00e4 v\u00e4lipalaa. Ei ennakkoilmoittautumista.<\/p>\n\n\n\n<p>\u25cf <strong>Monikkokahvila lauantaina 17.1.2026 klo 12-14.<\/strong> Tarjolla pient\u00e4 v\u00e4lipalaa. Ei ennakkoilmoittautumista.<\/p>\n\n\n\n<p>\u25cf <strong>Kaksosten p\u00e4iv\u00e4n talvirieha lauantaina 7.2.2026 klo 10 alkaen<\/strong> Messil\u00e4n Pikkukyl\u00e4ss\u00e4. Ohjelmassa m\u00e4enlaskua ja makkaranpaistoa laavulla. Yhdistys tarjoaa p\u00e4\u00e4syliput koko perheelle. Ilmoittautumiset <strong>30.1. menness\u00e4<\/strong> s\u00e4hk\u00f6postitse phmonikotry@gmail.com. Kerro s\u00e4hk\u00f6postiviestiss\u00e4 henkil\u00f6m\u00e4\u00e4r\u00e4 ja lasten i\u00e4t. Alle 6-vuotiaat laskevat veloituksetta.<\/p>\n\n\n\n<p>Seuraathan ilmoittelua <a rel=\"noreferrer noopener\" href=\"https:\/\/www.facebook.com\/Phmonikotry\" target=\"_blank\">facebookissa<\/a> ja <a rel=\"noreferrer noopener\" href=\"https:\/\/www.instagram.com\/paijathameenmonikkoperheetry\/\" target=\"_blank\">instagramissa<\/a>!<\/p>\n\n\n\n<p><\/p>\n","protected":false},"excerpt":{"rendered":"<p>P\u00e4ij\u00e4t-H\u00e4meen Monikkoperheet ry:n tapahtumat kev\u00e4t 2026 TULEVAT TAPAHTUMAT \u25cfIsien iltaa vietet\u00e4\u00e4n lauantaina 18.4. klo 16:30 alkaen seuraavasti: Yhdistys tarjoaa j\u00e4senilleen 1 x 10 min Karting-ajoa sek\u00e4 p\u00e4\u00e4ruuan (\u00e1 30e) ravintolassa. Juomat ovat omakustanteiset.&nbsp;Ilmoittautumiset s\u00e4hk\u00f6postitse&nbsp;phmonikotry@gmail.com&nbsp;10.4. menness\u00e4. Kerro ilmoittautumisen yhteydess\u00e4 osallistutko sek\u00e4 Karting-ajoon ett\u00e4 ruokailuun vai vain toiseen.&nbsp; \u25cf Vappukahvila Launeen Perhepuistossa 2.5.2026 klo 14-16. Tarjolla pient\u00e4 [&hellip;]<\/p>\n","protected":false},"author":2,"featured_media":0,"parent":0,"menu_order":0,"comment_status":"closed","ping_status":"closed","template":"","meta":{"_acf_changed":false,"footnotes":""},"class_list":["post-114","page","type-page","status-publish","hentry"],"acf":[],"aioseo_notices":[],"_links":{"self":[{"href":"https:\/\/monikkoperheet.fi\/paijat-hame\/wp-json\/wp\/v2\/pages\/114","targetHints":{"allow":["GET"]}}],"collection":[{"href":"https:\/\/monikkoperheet.fi\/paijat-hame\/wp-json\/wp\/v2\/pages"}],"about":[{"href":"https:\/\/monikkoperheet.fi\/paijat-hame\/wp-json\/wp\/v2\/types\/page"}],"author":[{"embeddable":true,"href":"https:\/\/monikkoperheet.fi\/paijat-hame\/wp-json\/wp\/v2\/users\/2"}],"replies":[{"embeddable":true,"href":"https:\/\/monikkoperheet.fi\/paijat-hame\/wp-json\/wp\/v2\/comments?post=114"}],"version-history":[{"count":80,"href":"https:\/\/monikkoperheet.fi\/paijat-hame\/wp-json\/wp\/v2\/pages\/114\/revisions"}],"predecessor-version":[{"id":519,"href":"https:\/\/monikkoperheet.fi\/paijat-hame\/wp-json\/wp\/v2\/pages\/114\/revisions\/519"}],"wp:attachment":[{"href":"https:\/\/monikkoperheet.fi\/paijat-hame\/wp-json\/wp\/v2\/media?parent=114"}],"curies":[{"name":"wp","href":"https:\/\/api.w.org\/{rel}","templated":true}]}}