{"id":213,"date":"2021-03-21T10:24:27","date_gmt":"2021-03-21T08:24:27","guid":{"rendered":"https:\/\/monikkoperheet.fi\/pirkanmaa\/?page_id=213"},"modified":"2024-02-02T17:11:33","modified_gmt":"2024-02-02T15:11:33","slug":"saannot","status":"publish","type":"page","link":"https:\/\/monikkoperheet.fi\/pirkanmaa\/saannot\/","title":{"rendered":"Yhdistyksen s\u00e4\u00e4nn\u00f6t"},"content":{"rendered":"\n<h6 class=\"wp-block-heading\">PIRKANMAAN MONIKKOPERHEET RY 27.12.2023<\/h6>\n\n\n\n<h2 class=\"wp-block-heading\">NIMI, KOTIPAIKKA, TARKOITUS JA TOIMINTA<\/h2>\n\n\n\n<p>1\u00a7 Yhdistyksen nimi on Pirkanmaan monikkoperheet ry. Kotipaikkana on Tampere ja toiminta-alue Pirkanmaa. Yhdistys on suomenkielinen.<\/p>\n\n\n\n<p>2\u00a7 Yhdistyksen tarkoituksena on<\/p>\n\n\n\n<ul class=\"wp-block-list\">\n<li>Toimia yhdistyssiteen\u00e4 monikkoperheiden v\u00e4lill\u00e4. Monikkoperheell\u00e4 tarkoitetaan perheit\u00e4, joihin syntyy tai on syntynyt useampi kuin yksi lapsi kerralla.<\/li>\n\n\n\n<li>Kannustaa ja opastaa uusia monikkoperheit\u00e4 alkuvaikeuksissa.<\/li>\n\n\n\n<li>J\u00e4rjest\u00e4\u00e4 virkistystoimintaa aikuisille, lapsille ja koko perheelle.<\/li>\n\n\n\n<li>Lis\u00e4t\u00e4 yleist\u00e4 tietoisuutta monikkoperheist\u00e4 ja pyrki\u00e4 parantamaan monikkoperheiden yhteiskunnallista asemaa.<\/li>\n<\/ul>\n\n\n\n<p>3\u00a7 Tarkoituksensa toteuttamiseksi yhdistys<\/p>\n\n\n\n<ul class=\"wp-block-list\">\n<li>toimeenpanee keskustelu-, luennointi-, yms. tilaisuuksia<\/li>\n\n\n\n<li>toteuttaa tiedotus-, koulutus- ja julkaisutoimintaa<\/li>\n\n\n\n<li>tekee aloitteita ja esityksi\u00e4 viranomaisille<\/li>\n\n\n\n<li>toimii yhteisty\u00f6kumppanina tarpeelliseksi katsomiensa yhdistysten tai yritysten kanssa.<\/li>\n<\/ul>\n\n\n\n<p>Toimintansa toteuttamiseksi yhdistys voi ottaa vastaan lahjoituksia, testamentteja ja toimeenpanna asianomaisen luvan hankittuaan arpajaisia ja rahanker\u00e4yksi\u00e4 sek\u00e4 j\u00e4rjest\u00e4\u00e4 myyj\u00e4isi\u00e4. Yhdistys saa omistaa ja hallita kiinte\u00e4t\u00e4 ja irtainta omaisuutta.<\/p>\n\n\n\n<h2 class=\"wp-block-heading\">J\u00c4SENET<\/h2>\n\n\n\n<p>4\u00a7 Yhdistyksen j\u00e4senet ovat varsinaisia j\u00e4seni\u00e4 ja kannatusj\u00e4seni\u00e4. Varsinaiseksi j\u00e4seneksi voi liitty\u00e4 t\u00e4ysi-ik\u00e4inen monikkoperheen vanhempi. Varsinaiseksi j\u00e4seneksi voidaan my\u00f6s hyv\u00e4ksy\u00e4 t\u00e4ysi-ik\u00e4inen henkil\u00f6, joka itse on syntynyt monikkosisaruksena.&nbsp;<\/p>\n\n\n\n<p>Kannatusj\u00e4seneksi voi liitty\u00e4 joko yksityinen henkil\u00f6 tai oikeuskelpoinen yhteis\u00f6, joka hyv\u00e4ksyy yhdistyksen toiminnan ja s\u00e4\u00e4nn\u00f6t. Kannatusj\u00e4senell\u00e4 ei ole \u00e4\u00e4nivaltaa yhdistyksen kokouksissa.&nbsp;<\/p>\n\n\n\n<p>Yhdistyksen j\u00e4senet hyv\u00e4ksyy hallitus.<\/p>\n\n\n\n<p>5\u00a7 J\u00e4senelt\u00e4 edellytet\u00e4\u00e4n j\u00e4senmaksun suorittamista vuosittain. Varsinaisten ja kannatusj\u00e4senten j\u00e4senmaksut voivat olla erisuuruiset. J\u00e4senmaksun suuruus p\u00e4\u00e4tet\u00e4\u00e4n vaalikokouksessa seuraavalle toimintakaudelle. J\u00e4senmaksu maksetaan kalenterivuosittain.<\/p>\n\n\n\n<p>6\u00a7 J\u00e4senell\u00e4 on oikeus erota yhdistyksest\u00e4 ilmoittamalla siit\u00e4 kirjallisesti hallitukselle tai sen puheenjohtajalle, taikka ilmoittamalla eroamisesta yhdistyksen kokouksessa. Mik\u00e4li j\u00e4sen itse haluaa erota, ei jo maksettua j\u00e4senmaksua palauteta. Hallitus voi my\u00f6s erottaa j\u00e4senen, jollei vuotuista j\u00e4senmaksua ole maksettu kolmen kuukauden kuluttua sen er\u00e4\u00e4ntymisest\u00e4.<\/p>\n\n\n\n<p>Hallitus voi erottaa j\u00e4senen yhdistyksest\u00e4, mik\u00e4li t\u00e4m\u00e4 on menettelyll\u00e4\u00e4n yhdistyksess\u00e4 tai sen ulkopuolella huomattavasti vahingoittanut yhdistyst\u00e4.<\/p>\n\n\n\n<h2 class=\"wp-block-heading\">HALLITUS<\/h2>\n\n\n\n<p>7\u00a7 Yhdistyksen asioita hoitaa hallitus, johon kuuluvat vaalikokouksessa valitut puheenjohtaja ja v\u00e4hint\u00e4\u00e4n kolme (3) ja enint\u00e4\u00e4n seitsem\u00e4n (7) varsinaista j\u00e4sent\u00e4. Varaj\u00e4senet valitaan v\u00e4hint\u00e4\u00e4n yksi (1) ja enint\u00e4\u00e4n viisi (5).<\/p>\n\n\n\n<p>Hallituksen j\u00e4senten toimikausi on kalenterivuosi.<\/p>\n\n\n\n<p>Hallitus valitsee keskuudestaan varapuheenjohtajan sek\u00e4 nime\u00e4\u00e4 sihteerin, rahastonhoitajan ja muut tarvittavat toimihenkil\u00f6t.<\/p>\n\n\n\n<p>8\u00a7 Hallitus kokoontuu puheenjohtajan tai varapuheenjohtajan kutsusta. Kokous on p\u00e4\u00e4t\u00f6svaltainen, jos siit\u00e4 on ilmoitettu hallituksen j\u00e4senille sovitulla tavalla ja l\u00e4sn\u00e4 on v\u00e4hint\u00e4\u00e4n (3) kolme hallituksen j\u00e4sent\u00e4, puheenjohtaja tai varapuheenjohtaja mukaan luettuna.<\/p>\n\n\n\n<p>Hallituksen kokouksessa asiat ratkaistaan yksinkertaisella \u00e4\u00e4nten enemmist\u00f6ll\u00e4. \u00c4\u00e4nten menness\u00e4 tasan ratkaisee puheenjohtajan mielipide, paitsi vaaleissa arpa.<\/p>\n\n\n\n<p>9\u00a7 Yhdistyksen nimen kirjoittavat hallituksen puheenjohtaja tai varapuheenjohtaja, jompikumpi yhdess\u00e4 hallituksen j\u00e4senen tai muun hallituksen m\u00e4\u00e4r\u00e4\u00e4m\u00e4n henkil\u00f6n kanssa.<\/p>\n\n\n\n<p>10\u00a7 Yhdistyksen tilit p\u00e4\u00e4tet\u00e4\u00e4n kalenterivuosittain ja ne on annettava toiminnantarkastajalle tarkastettavaksi viimeist\u00e4\u00e4n 15.helmikuuta. Toiminnantarkastajan on j\u00e4tett\u00e4v\u00e4 hallitukselle yhdistyksen vuosikokoukselle osoitettu toiminnantarkastuskertomus viimeist\u00e4\u00e4n kaksi (2) viikkoa ennen yhdistyksen vuosikokousta.<\/p>\n\n\n\n<h2 class=\"wp-block-heading\">KOKOUKSET<\/h2>\n\n\n\n<p>11\u00a7 Yhdistyksen vuosikokous pidet\u00e4\u00e4n maaliskuun loppuun menness\u00e4 ja vaalikokous marraskuun loppuun menness\u00e4, hallituksen l\u00e4hemmin m\u00e4\u00e4r\u00e4\u00e4min\u00e4 aikoina. Yhdistyksen ylim\u00e4\u00e4r\u00e4inen kokous pidet\u00e4\u00e4n, kun yhdistyksen kokous niin p\u00e4\u00e4tt\u00e4\u00e4 tai hallitus katsoo siihen olevan aihetta taikka kun v\u00e4hint\u00e4\u00e4n yksi kymmenesosa yhdistyksen \u00e4\u00e4nioikeutetuista j\u00e4senist\u00e4 sit\u00e4 hallitukselta kirjallisesti vaatii.&nbsp;<\/p>\n\n\n\n<p>Vaalikokouksesta ja vuosikokouksesta sek\u00e4 muista yleisist\u00e4 kokouksista on ilmoitettava v\u00e4hint\u00e4\u00e4n kaksi (2) viikkoa ennen kokousta kaikille j\u00e4senille s\u00e4hk\u00f6postilla.<\/p>\n\n\n\n<p>Yhdistyksen hallitus voi p\u00e4\u00e4tt\u00e4\u00e4, ett\u00e4 yhdistyksen kokous j\u00e4rjestet\u00e4\u00e4n ilman kokouspaikkaa, et\u00e4kokouksena tai hybridikokouksena siten, ett\u00e4 j\u00e4senet voivat k\u00e4ytt\u00e4\u00e4 p\u00e4\u00e4t\u00f6svaltaansa ajantasaisesti tietoliikenneyhteyden ja teknisen apuv\u00e4lineen avulla kokouksen aikana. Et\u00e4yhteyksin osallistuttaessa kokoukseen tulee ilmoittautua kokouskutsussa m\u00e4\u00e4ritellyll\u00e4 tavalla.<\/p>\n\n\n\n<p>12\u00a7 Vuosikokouksessa ja vaalikokouksessa k\u00e4sitell\u00e4\u00e4n ainakin seuraavat asiat<\/p>\n\n\n\n<p>Vuosikokous<\/p>\n\n\n\n<ol class=\"wp-block-list\">\n<li>Esitell\u00e4\u00e4n yhdistyksen toimintakertomus edelliselt\u00e4 vuodelta.<\/li>\n\n\n\n<li>Esitell\u00e4\u00e4n yhdistyksen tilit ja toiminnantarkastajan lausunto.<\/li>\n\n\n\n<li>P\u00e4\u00e4tet\u00e4\u00e4n tilinp\u00e4\u00e4t\u00f6ksen vahvistamisesta ja vastuuvapauden my\u00f6nt\u00e4misest\u00e4.<\/li>\n\n\n\n<li>P\u00e4\u00e4tet\u00e4\u00e4n muista kokouskutsussa mainituista asioista.<\/li>\n<\/ol>\n\n\n\n<p>Vaalikokous<\/p>\n\n\n\n<ol class=\"wp-block-list\">\n<li>Valitaan yhdistyksen puheenjohtaja ja hallituksen j\u00e4senet seuraavaksi toimintakaudeksi.<\/li>\n\n\n\n<li>Valitaan yksi tai kaksi (1-2) toiminnantarkastajaa ja yksi tai kaksi (1-2) varatoiminnantarkastajaa.<\/li>\n\n\n\n<li>Vahvistetaan yhdistyksen talousarvio ja j\u00e4senmaksut seuraavaa vuotta varten.<\/li>\n\n\n\n<li>Vahvistetaan toimintasuunnitelma seuraavaa vuotta varten.<\/li>\n\n\n\n<li>P\u00e4\u00e4tet\u00e4\u00e4n muista kokouskutsussa mainituista asioista.<\/li>\n<\/ol>\n\n\n\n<p>Mik\u00e4li yhdistyksen j\u00e4sen haluaa saada jonkin asian yhdistyksen kokouksen k\u00e4sitelt\u00e4v\u00e4ksi, on h\u00e4nen ilmoitettava siit\u00e4 kirjallisesti hallitukselle niin hyviss\u00e4 ajoin, ett\u00e4 asia voidaan sis\u00e4llytt\u00e4\u00e4 kokouskutsuun.<\/p>\n\n\n\n<h2 class=\"wp-block-heading\">P\u00c4\u00c4T\u00d6KSET<\/h2>\n\n\n\n<p>13\u00a7 P\u00e4\u00e4t\u00f6kset yhdistyksen kokouksissa tehd\u00e4\u00e4n yksinkertaisella \u00e4\u00e4ntenenemmist\u00f6ll\u00e4, paitsi milloin on kysymys s\u00e4\u00e4nt\u00f6jen muuttamisesta tai purkamisesta. \u00c4\u00e4nten menness\u00e4 tasan kokouksen puheenjohtajan \u00e4\u00e4ni ratkaisee lukuun ottamatta henkil\u00f6vaaleja, jotka ratkaistaan arvalla.<\/p>\n\n\n\n<p>Yhdistyksen kokouksissa kullakin varsinaisella j\u00e4senell\u00e4 on yksi \u00e4\u00e4ni. J\u00e4senen \u00e4\u00e4nivaltaa voi valtakirjalla k\u00e4ytt\u00e4\u00e4 varsinaisen j\u00e4senen 15 vuotta t\u00e4ytt\u00e4nyt perheenj\u00e4sen.<\/p>\n\n\n\n<p>Kannatusj\u00e4senell\u00e4 on kokouksessa l\u00e4sn\u00e4olo- ja puheoikeus, mutta ei \u00e4\u00e4nioikeutta.<\/p>\n\n\n\n<h2 class=\"wp-block-heading\">S\u00c4\u00c4NT\u00d6JEN MUUTTAMINEN JA YHDISTYKSEN PURKAMINEN<\/h2>\n\n\n\n<p>14\u00a7 S\u00e4\u00e4nt\u00f6jen muuttamisesta ja yhdistyksen purkamisesta on p\u00e4\u00e4tett\u00e4v\u00e4 yhdistyksen kokouksessa kolmen nelj\u00e4sosan \u00e4\u00e4ntenenemmist\u00f6ll\u00e4. S\u00e4\u00e4nt\u00f6jen muuttamisesta tai yhdistyksen purkamisesta on mainittava kokouskutsussa. Jos yhdistys purkautuu, sen varat on k\u00e4ytett\u00e4v\u00e4 yhdistyksen tarkoituksen edist\u00e4miseen yhdistyksen viimeisen kokouksen p\u00e4\u00e4tt\u00e4m\u00e4ll\u00e4 tavalla.<\/p>\n\n\n\n<h2 class=\"wp-block-heading\">S\u00c4\u00c4NT\u00d6JEN VOIMAANTULO<\/h2>\n\n\n\n<p>N\u00e4m\u00e4 s\u00e4\u00e4nn\u00f6t korvaavat aiemmat Pirkanmaan monikkoperheet ry:n s\u00e4\u00e4nn\u00f6t.<\/p>\n\n\n\n<p>S\u00e4\u00e4nn\u00f6t astuvat voimaan sin\u00e4 p\u00e4iv\u00e4n\u00e4, kun s\u00e4\u00e4nt\u00f6muutokset merkit\u00e4\u00e4n rekisteriin.&nbsp;<\/p>\n","protected":false},"excerpt":{"rendered":"<p>PIRKANMAAN MONIKKOPERHEET RY 27.12.2023 NIMI, KOTIPAIKKA, TARKOITUS JA TOIMINTA 1\u00a7 Yhdistyksen nimi on Pirkanmaan monikkoperheet ry. Kotipaikkana on Tampere ja toiminta-alue Pirkanmaa. Yhdistys on suomenkielinen. 2\u00a7 Yhdistyksen tarkoituksena on 3\u00a7 Tarkoituksensa toteuttamiseksi yhdistys Toimintansa toteuttamiseksi yhdistys voi ottaa vastaan lahjoituksia, testamentteja ja toimeenpanna asianomaisen luvan hankittuaan arpajaisia ja rahanker\u00e4yksi\u00e4 sek\u00e4 j\u00e4rjest\u00e4\u00e4 myyj\u00e4isi\u00e4. Yhdistys saa omistaa [&hellip;]<\/p>\n","protected":false},"author":12,"featured_media":0,"parent":0,"menu_order":0,"comment_status":"closed","ping_status":"closed","template":"","meta":{"_acf_changed":false,"footnotes":""},"class_list":["post-213","page","type-page","status-publish","hentry"],"acf":[],"aioseo_notices":[],"_links":{"self":[{"href":"https:\/\/monikkoperheet.fi\/pirkanmaa\/wp-json\/wp\/v2\/pages\/213","targetHints":{"allow":["GET"]}}],"collection":[{"href":"https:\/\/monikkoperheet.fi\/pirkanmaa\/wp-json\/wp\/v2\/pages"}],"about":[{"href":"https:\/\/monikkoperheet.fi\/pirkanmaa\/wp-json\/wp\/v2\/types\/page"}],"author":[{"embeddable":true,"href":"https:\/\/monikkoperheet.fi\/pirkanmaa\/wp-json\/wp\/v2\/users\/12"}],"replies":[{"embeddable":true,"href":"https:\/\/monikkoperheet.fi\/pirkanmaa\/wp-json\/wp\/v2\/comments?post=213"}],"version-history":[{"count":4,"href":"https:\/\/monikkoperheet.fi\/pirkanmaa\/wp-json\/wp\/v2\/pages\/213\/revisions"}],"predecessor-version":[{"id":639,"href":"https:\/\/monikkoperheet.fi\/pirkanmaa\/wp-json\/wp\/v2\/pages\/213\/revisions\/639"}],"wp:attachment":[{"href":"https:\/\/monikkoperheet.fi\/pirkanmaa\/wp-json\/wp\/v2\/media?parent=213"}],"curies":[{"name":"wp","href":"https:\/\/api.w.org\/{rel}","templated":true}]}}