{"id":488,"date":"2022-12-19T09:38:44","date_gmt":"2022-12-19T07:38:44","guid":{"rendered":"https:\/\/monikkoperheet.fi\/pirkanmaa\/?page_id=488"},"modified":"2024-01-26T09:57:53","modified_gmt":"2024-01-26T07:57:53","slug":"tapahtumat_2023","status":"publish","type":"page","link":"https:\/\/monikkoperheet.fi\/pirkanmaa\/tapahtumat_2023\/","title":{"rendered":"Tapahtumat 2023"},"content":{"rendered":"\n<h3 class=\"wp-block-heading\">Pirkanmaan Monikkoperheet ry:n tapahtumat<\/h3>\n\n\n\n<h4 class=\"wp-block-heading\">2023 TAPAHTUMAKALENTERI<\/h4>\n\n\n\n<div class=\"wp-block-columns is-layout-flex wp-container-core-columns-is-layout-9d6595d7 wp-block-columns-is-layout-flex\">\n<div class=\"wp-block-column is-layout-flow wp-block-column-is-layout-flow\" style=\"flex-basis:100%\">\n<figure class=\"wp-block-table is-style-stripes\"><table class=\"has-fixed-layout\"><tbody><tr><td><strong>Tammikuu<\/strong><\/td><td><strong>Helmikuu<\/strong><\/td><td><strong>Maaliskuu<\/strong><\/td><\/tr><tr><td><\/td><td><em>2.2. Kaksostenp\u00e4iv\u00e4<\/em><\/td><td><em>3.3. Kolmostenp\u00e4iv\u00e4<\/em><\/td><\/tr><tr><td><\/td><td>5.2. Kaksostenp\u00e4iv\u00e4n iloinen talvirieha<\/td><td>19.3. Vuosikokous<\/td><\/tr><tr><td><\/td><td>Monikkoperhevalmennus 19.2. ja 23.2.<\/td><td><\/td><\/tr><tr><td><strong>Huhtikuu<\/strong><\/td><td><strong>Toukokuu<\/strong><\/td><td><strong>Kes\u00e4kuu<\/strong><\/td><\/tr><tr><td>\u00c4itien taideilta 26.4.<\/td><td>Pikkupihan kev\u00e4ttapahtuma 27.5.<\/td><td><\/td><\/tr><tr><td><\/td><td><\/td><td><\/td><\/tr><tr><td><\/td><td>Monikkoperhevalmennus 21.5. ja 28.5.<\/td><td><\/td><\/tr><tr><td><strong>Hein\u00e4kuu<\/strong><\/td><td><strong>Elokuu<\/strong><\/td><td><strong>Syyskuu<\/strong><\/td><\/tr><tr><td><\/td><td><\/td><td>Monikkovanhempien brunssi 30.9.<\/td><\/tr><tr><td><\/td><td><\/td><td><\/td><\/tr><tr><td><\/td><td>Monikkoperhevalmennus 20.8. ja 27.8.<\/td><td><em>Syystapahtuma<\/em><\/td><\/tr><tr><td><strong>Lokakuu<\/strong><\/td><td><strong>Marraskuu<\/strong><\/td><td><strong>Joulukuu<\/strong><\/td><\/tr><tr><td>Monikkoperheiden liikunta- ja kirppistapahtuma 22.10.<\/td><td>Isien ilta 10.11.<\/td><td><em>Pikkujoulut<\/em><\/td><\/tr><tr><td><\/td><td>Vaalikokous 17.11.<\/td><td><\/td><\/tr><tr><td><em>Vanhempien virkist\u00e4ytyminen<\/em><\/td><td>Monikkoperhevalmennus 19.11. 26.11.<\/td><td><\/td><\/tr><\/tbody><\/table><\/figure>\n<\/div>\n<\/div>\n\n\n\n<p><a href=\"https:\/\/monikkoperheet.fi\/pirkanmaa\/tietoa-jasenyydesta\/\">J\u00e4senen\u00e4<\/a> saat tiedon tapahtumista ensimm\u00e4isen\u00e4 s\u00e4hk\u00f6postitse, ja yhdistyksen somessa <a rel=\"noreferrer noopener\" href=\"https:\/\/www.facebook.com\/pirkanmaanmonikkoperheet\/\" target=\"_blank\">Facebookissa<\/a> ja <a rel=\"noreferrer noopener\" href=\"https:\/\/www.instagram.com\/pirkanmaan_monikkoperheet\/\" target=\"_blank\">Intagrammissa<\/a> saat lis\u00e4tietoja. <br><a href=\"https:\/\/monikkoperheet.fi\/pirkanmaa\/monikkokahvilat\/\" data-type=\"page\" data-id=\"346\">Monikkokahvilat<\/a>, <a href=\"https:\/\/monikkoperheet.fi\/pirkanmaa\/etakahvit\/\" data-type=\"page\" data-id=\"436\">et\u00e4kahvit<\/a> ja <a href=\"https:\/\/monikkoperheet.fi\/pirkanmaa\/leikkipuistotreffit\/\" data-type=\"page\" data-id=\"381\">leikkipuistotreffit<\/a> py\u00f6riv\u00e4t kukin v\u00e4hint\u00e4\u00e4n kuukausittain.<\/p>\n\n\n\n<h4 class=\"wp-block-heading\">Joulukuu<\/h4>\n\n\n\n<h5 class=\"wp-block-heading\"><\/h5>\n\n\n\n<h4 class=\"wp-block-heading\">Marraskuu<\/h4>\n\n\n\n<h5 class=\"wp-block-heading\">17.11. Vaalikokous<\/h5>\n\n\n\n<p>S\u00e4\u00e4nt\u00f6m\u00e4\u00e4r\u00e4isenen kokous.<\/p>\n\n\n\n<h5 class=\"wp-block-heading\">10.11. Isien ilta<\/h5>\n\n\n\n<p>Isien oma ilta.<\/p>\n\n\n\n<h4 class=\"wp-block-heading\">Lokakuu<\/h4>\n\n\n\n<h5 class=\"wp-block-heading\">22.10. Monikkoperheiden liikunta- ja kirppistapahtuma<\/h5>\n\n\n\n<p>Pirkanmaan monikkoperheet j\u00e4rjest\u00e4\u00e4 koko perheen liikunnallisen syystapahtuman sunnuntaina 22.10. klo 10-13 Kangasalan Malm Areenalla. Luvassa on kivoja liikunta-aktiviteetteja kaiken ik\u00e4isille (mm. temppuilua ja pelailua), kirppari sek\u00e4 omaa ohjelmaa vauvaperheille. Mukaan voi tulla joustavasti osaksi aikaa tai koko tapahtuman ajaksi. Yhdistys tarjoaa pient\u00e4 sy\u00f6t\u00e4v\u00e4\u00e4 ja juotavaa sek\u00e4 aikuisille kahvia. Tapahtuma on maksuton!<\/p>\n\n\n\n<p>KIRPPUTORI:<\/p>\n\n\n\n<p>Pullistelevatko kaapit ja hyllyt lastenvaatteista ja -tavaroista? L\u00f6ytyyk\u00f6 kaikkea kampetta kaksin kappalein? Liikuntatapahtuman yhteydess\u00e4 j\u00e4rjestet\u00e4\u00e4n yhdistyksen j\u00e4senille vapaamuotoinen kirpputori, jolla on mahdollisuus myyd\u00e4 vaatteita ja tarvikkeita muille monikkoperheille. Yhdistys tarjoaa tilat, myyj\u00e4t itse vastaavat tuotteiden hinnoittelusta, esillepanosta ja myynnist\u00e4. Myyjien m\u00e4\u00e4r\u00e4st\u00e4 riippuen pyrimme j\u00e4rjest\u00e4m\u00e4\u00e4n myyntip\u00f6yd\u00e4t, mutta n\u00e4iden saatavuudesta ei ole varmuutta, eli varaudu levitt\u00e4m\u00e4\u00e4n myyt\u00e4v\u00e4si lattialle (tai omaan rekkiin tms.).&nbsp;<strong>Jos haluat myyj\u00e4ksi tapahtumaan, mainitse se ilmoittautuessasi!<\/strong><\/p>\n\n\n\n<p>VAUVAPERHEET:<\/p>\n\n\n\n<p>Vauvaperheille on varattu tapahtumassa oma tila (my\u00f6s keitti\u00f6 l\u00f6ytyy) ja mahdollisuus tavata muita monikkovauvaperheit\u00e4. T\u00e4m\u00e4n lis\u00e4ksi paikalle tulee Vauvakuiskaajat \u2013 Doula- &amp; perhepalvelut eli kaksi ammattidoulaa Jenna Hannula ja Jasmin Partanen, jotka tekev\u00e4t n\u00e4ytehoitoina vy\u00f6hyketerapeuttista vauvahierontaa ja antavat halukkaille imetysohjausta. Muistakin vauvavuoteen liittyvist\u00e4 asioista voi kysell\u00e4 \u2013 mahdollisia keskustelunaiheita voi kurkkia etuk\u00e4teen t\u00e4\u00e4lt\u00e4:&nbsp;<a href=\"http:\/\/www.vauvakuiskaajat.com\/\" target=\"_blank\" rel=\"noreferrer noopener\">www.vauvakuiskaajat.com<\/a><\/p>\n\n\n\n<p>Ilmoittautumisohjeet s\u00e4hk\u00f6postista.<\/p>\n\n\n\n<h4 class=\"wp-block-heading\">Maaliskuu<\/h4>\n\n\n\n<h5 class=\"wp-block-heading\">19.3. Yhdistyksen vuosikokous<\/h5>\n\n\n\n<p>S\u00e4\u00e4nt\u00f6m\u00e4\u00e4r\u00e4isess\u00e4 kokouksessa k\u00e4yd\u00e4\u00e4n l\u00e4pi, mit\u00e4 yhdistyksess\u00e4 on tapahtunut viimeisen vuoden aikana ja millaisia suunnitelmia on tehty seuraavaa vuotta varten, sek\u00e4 k\u00e4sitell\u00e4\u00e4n yhdistyksen s\u00e4\u00e4nt\u00f6jen p\u00e4ivitys.<\/p>\n\n\n\n<p>Huomattavaa kokousagendalla on my\u00f6s yhdistyksen uuden puheenjohtajan valinta sek\u00e4 nykyisen puheenjohtajamme ja pitk\u00e4aikaisen hallitusaktiivin Anneli Halmeen eroaminen yhdistyksen luottamustoimista. Anneli on valittu Suomen Monikkoperheet ry:n vapaaehtoistoiminnan koordinaattoriksi, ja kattoj\u00e4rjest\u00f6n hallitus on p\u00e4\u00e4tt\u00e4nyt, ett\u00e4 h\u00e4nen tulee t\u00e4m\u00e4n takia luopua paikallisyhdistyksen teht\u00e4vist\u00e4. Kannattaa siis tulla mukaan kokoukseen vaikuttamaan siihen, kuka yhdistyst\u00e4 luotsaa jatkossa!<\/p>\n\n\n\n<p>Paikka: Ravintola Teerenpeli<\/p>\n\n\n\n<p>Ilmoittautumisohjeet s\u00e4hk\u00f6postista.<\/p>\n\n\n\n<div class=\"wp-block-columns is-layout-flex wp-container-core-columns-is-layout-9d6595d7 wp-block-columns-is-layout-flex\">\n<div class=\"wp-block-column is-layout-flow wp-block-column-is-layout-flow\">\n<h4 class=\"wp-block-heading\">Helmikuu<\/h4>\n\n\n\n<h5 class=\"wp-block-heading\">5.2. Kaksostenp\u00e4iv\u00e4n iloinen talvirieha<\/h5>\n\n\n\n<p>Tervetuloa juhlistamaan valtakunnallista kaksostenp\u00e4iv\u00e4\u00e4 perinteiseen talviriehaan sunnuntaina 5.2.2023 klo 14.30\u201316.00. Tapahtumapaikkana on Myllyrannan tapahtumapuisto Lemp\u00e4\u00e4l\u00e4ss\u00e4. Tapahtuma on avoin kaikille monikkoperheille (kaksosten ja kolmosten perheille) koko Pirkanmaan alueelta. Tapahtuma on osallistujille maksuton ja sen j\u00e4rjest\u00e4\u00e4 Pirkanmaan Monikkoperheet ry. Ilmoittauduthan mukaan ennakkoon, jotta osaamme varata oikean m\u00e4\u00e4r\u00e4n tarjottavia.<\/p>\n\n\n\n<p>Ohjelmassa on m\u00e4enlaskua omilla laskuv\u00e4lineill\u00e4 ja Myllyrannan uusitussa leikkipuistossa leikkimist\u00e4 sek\u00e4 tietenkin muiden monikkoperheiden tapaamista. Puiston nuotiopaikalla on mahdollista tunnelmoida ja paistaa omia makkaroita tai muita ev\u00e4it\u00e4. Yhdistys tarjoaa osallistujille pullan ja kahvia tai mehua.<\/p>\n\n\n\n<p>Ilmoittautumisohjeet s\u00e4hk\u00f6postista.<\/p>\n<\/div>\n<\/div>\n\n\n\n<hr class=\"wp-block-separator has-css-opacity\" \/>\n\n\n\n<p><strong>Kysy tapahtumista:<\/strong> <a href=\"mailto:yhdistys@monikkoperheet.net\">pirkanmaan.monikkoperheet@gmail.com<\/a><br>Seuraa ilmoittelua my\u00f6s Facebook-sivullamme <a rel=\"noreferrer noopener\" href=\"https:\/\/www.facebook.com\/pirkanmaanmonikkoperheet\" data-type=\"URL\" data-id=\"https:\/\/www.facebook.com\/pirkanmaanmonikkoperheet\" target=\"_blank\">Pirkanmaan Monikkoperheet ry<\/a><\/p>\n\n\n\n<p>Viime vuoden tapahtumat: <a href=\"https:\/\/monikkoperheet.fi\/pirkanmaa\/tapahtumat_2022\/\" data-type=\"URL\" data-id=\"https:\/\/monikkoperheet.fi\/pirkanmaa\/tapahtumat_2022\/\">Tapahtumat 2022<\/a><\/p>\n","protected":false},"excerpt":{"rendered":"<p>Pirkanmaan Monikkoperheet ry:n tapahtumat 2023 TAPAHTUMAKALENTERI Tammikuu Helmikuu Maaliskuu 2.2. Kaksostenp\u00e4iv\u00e4 3.3. Kolmostenp\u00e4iv\u00e4 5.2. Kaksostenp\u00e4iv\u00e4n iloinen talvirieha 19.3. Vuosikokous Monikkoperhevalmennus 19.2. ja 23.2. Huhtikuu Toukokuu Kes\u00e4kuu \u00c4itien taideilta 26.4. Pikkupihan kev\u00e4ttapahtuma 27.5. Monikkoperhevalmennus 21.5. ja 28.5. Hein\u00e4kuu Elokuu Syyskuu Monikkovanhempien brunssi 30.9. Monikkoperhevalmennus 20.8. ja 27.8. Syystapahtuma Lokakuu Marraskuu Joulukuu Monikkoperheiden liikunta- ja kirppistapahtuma 22.10. [&hellip;]<\/p>\n","protected":false},"author":12,"featured_media":0,"parent":0,"menu_order":0,"comment_status":"closed","ping_status":"closed","template":"","meta":{"_acf_changed":false,"footnotes":""},"class_list":["post-488","page","type-page","status-publish","hentry"],"acf":[],"aioseo_notices":[],"_links":{"self":[{"href":"https:\/\/monikkoperheet.fi\/pirkanmaa\/wp-json\/wp\/v2\/pages\/488","targetHints":{"allow":["GET"]}}],"collection":[{"href":"https:\/\/monikkoperheet.fi\/pirkanmaa\/wp-json\/wp\/v2\/pages"}],"about":[{"href":"https:\/\/monikkoperheet.fi\/pirkanmaa\/wp-json\/wp\/v2\/types\/page"}],"author":[{"embeddable":true,"href":"https:\/\/monikkoperheet.fi\/pirkanmaa\/wp-json\/wp\/v2\/users\/12"}],"replies":[{"embeddable":true,"href":"https:\/\/monikkoperheet.fi\/pirkanmaa\/wp-json\/wp\/v2\/comments?post=488"}],"version-history":[{"count":16,"href":"https:\/\/monikkoperheet.fi\/pirkanmaa\/wp-json\/wp\/v2\/pages\/488\/revisions"}],"predecessor-version":[{"id":629,"href":"https:\/\/monikkoperheet.fi\/pirkanmaa\/wp-json\/wp\/v2\/pages\/488\/revisions\/629"}],"wp:attachment":[{"href":"https:\/\/monikkoperheet.fi\/pirkanmaa\/wp-json\/wp\/v2\/media?parent=488"}],"curies":[{"name":"wp","href":"https:\/\/api.w.org\/{rel}","templated":true}]}}