{"id":630,"date":"2025-08-12T21:35:29","date_gmt":"2025-08-12T18:35:29","guid":{"rendered":"https:\/\/monikkoperheet.fi\/pirkanmaa\/?page_id=630"},"modified":"2026-03-22T11:47:41","modified_gmt":"2026-03-22T09:47:41","slug":"tapahtumat","status":"publish","type":"page","link":"https:\/\/monikkoperheet.fi\/pirkanmaa\/tapahtumat\/","title":{"rendered":"Tapahtumat"},"content":{"rendered":"\n<h3 class=\"wp-block-heading\">Pirkanmaan Monikkoperheet ry:n tapahtumat<\/h3>\n\n\n\n<p><\/p>\n\n\n\n<h4 class=\"wp-block-heading\">2026 TAPAHTUMAKALENTERI P\u00c4IVITET\u00c4\u00c4N PIAN!<\/h4>\n\n\n\n<p>Katso tulevien monikkoperhevalmennusten aikataulut<a href=\"https:\/\/monikkoperheet.fi\/pirkanmaa\/monikkoperhevalmennus\/\" title=\"\"> t\u00e4\u00e4lt\u00e4. <\/a><\/p>\n\n\n\n<p>2025 TAPAHTUMAKALENTERI<\/p>\n\n\n\n<div class=\"wp-block-columns is-layout-flex wp-container-core-columns-is-layout-9d6595d7 wp-block-columns-is-layout-flex\">\n<div class=\"wp-block-column is-layout-flow wp-block-column-is-layout-flow\" style=\"flex-basis:100%\">\n<figure class=\"wp-block-table is-style-stripes\"><table class=\"has-fixed-layout\"><tbody><tr><td><strong>Tammikuu<\/strong><\/td><td><strong>Helmikuu<\/strong><\/td><td><strong>Maaliskuu<\/strong><\/td><\/tr><tr><td>Monikkokahvila Tampereella 23.1. kello 17:00-18:30<\/td><td>2.2. Kaksostenp\u00e4iv\u00e4 ja Kaksostenp\u00e4iv\u00e4n tapahtuma<\/td><td>2.3. Kolmostenp\u00e4iv\u00e4n tapahtuma ja 3.3. Kolmostenp\u00e4iv\u00e4<\/td><\/tr><tr><td><\/td><td>Monikkoperhevalmennus 9.2. ja 16.2. kello 13-16<\/td><td>Monikkokahvila Tampereella 20.3. kello 17:00-18:30<\/td><\/tr><tr><td><\/td><td>Monikkokahvila Tampereella 16.2. kello 10:30-12:30<\/td><td>23.3. Kev\u00e4tkokous<\/td><\/tr><tr><td><\/td><td><\/td><td>Terveytt\u00e4 edist\u00e4vi\u00e4 et\u00e4luentoja monikkovanhemmille: <br>25.3. Terveyden edist\u00e4minen yleisesti<\/td><\/tr><tr><td><strong>Huhtikuu<\/strong><\/td><td><strong>Toukokuu<\/strong><\/td><td><strong>Kes\u00e4kuu<\/strong><\/td><\/tr><tr><td>Terveytt\u00e4 edist\u00e4vi\u00e4 et\u00e4luentoja monikkovanhemmille: <br>1.4. Ravinto, 8.4. Liikunta, 15.4. Uni, 22.4. Jaksaminen<\/td><td>Vapaaehtoisten tapaaminen 2.5.<\/td><td><\/td><\/tr><tr><td>Monikkokahvila Tampereella 24.4. kello 17:00-18:30<\/td><td>Monikkoperheiden tapahtuma 17.5.<\/td><td><\/td><\/tr><tr><td><\/td><td>Monikkoperhevalmennus 18.5. ja 25.5. kello 13-16<\/td><td><\/td><\/tr><tr><td><\/td><td>Monikkokahvila Tampereella 25.5. kello 10:30-12:30<\/td><td><\/td><\/tr><tr><td><strong>Hein\u00e4kuu<\/strong><\/td><td><strong>Elokuu<\/strong><\/td><td><strong>Syyskuu<\/strong><\/td><\/tr><tr><td><\/td><td>Hallituksen kokous 12.8.<\/td><td>Monikkovanhempien virkistystapahtuma 7.9. kello 12-16<\/td><\/tr><tr><td><\/td><td>Monikkoperhevalmennus 17.8. ja 24.8. kello 13-16<\/td><td><\/td><\/tr><tr><td><\/td><td><\/td><td><\/td><\/tr><tr><td><strong>Lokakuu<\/strong><\/td><td><strong>Marraskuu<\/strong><\/td><td><strong>Joulukuu<\/strong><\/td><\/tr><tr><td>Hallituksen kokous 5.10.<\/td><td>Monikkoperhevalmennus 16.11. ja 23.11. kello 13-16<\/td><td>Hallituksen kokous<\/td><\/tr><tr><td>Syksyn liikuntatapahtuma 25.10. kello 15-17<\/td><td>Yhdistyksen vaalikokous 7.11. kello 18<\/td><td><\/td><\/tr><tr><td><\/td><td>Monikkoperheiden pikkujoulut 30.11.<\/td><td><\/td><\/tr><\/tbody><\/table><\/figure>\n<\/div>\n<\/div>\n\n\n\n<p><a href=\"https:\/\/monikkoperheet.fi\/pirkanmaa\/tietoa-jasenyydesta\/\">J\u00e4senen\u00e4<\/a> saat tiedon tapahtumista ensimm\u00e4isen\u00e4 s\u00e4hk\u00f6postitse, ja yhdistyksen somessa <a href=\"https:\/\/www.facebook.com\/pirkanmaanmonikkoperheet\/\" target=\"_blank\" rel=\"noreferrer noopener\">Facebookissa<\/a> ja <a href=\"https:\/\/www.instagram.com\/pirkanmaan_monikkoperheet\/\" target=\"_blank\" rel=\"noreferrer noopener\">Instagramissa<\/a> saat lis\u00e4tietoja.<\/p>\n\n\n\n<p><strong>MONIKKOPERHEIDEN PIKKUJOULUT 30.11.2025 KELLO 15-17<\/strong><\/p>\n\n\n\n<p>Pikkujoulut j\u00e4rjestet\u00e4\u00e4n Kisapuiston p\u00e4iv\u00e4kodin liikuntasalissa. Tapahtumassa esiintyy taikuri ja lis\u00e4ksi ohjelmassa on mm. temppurata lapsille ja jouluista tunnelmaa. Taikuri esiintyy kello 15:30. Tarjolla on mehua ja piparia. Tapahtuma on tarkoitettu vain yhdistyksen j\u00e4senperheille ja mukaan mahtuu 20 perhett\u00e4. J\u00e4senille on l\u00e4hetetty tapahtumakutsu, johon vastaamalla voi ilmoittautua mukaan.<\/p>\n\n\n\n<p>*******************************************************************************************************************************************************************************<\/p>\n\n\n\n<p><strong>YHDISTYKSEN VAALIKOKOUS 7.11.2025 KELLO 18<\/strong><\/p>\n\n\n\n<p>Tervetuloa Pirkanmaan monikkoperheet ry:n s\u00e4\u00e4nt\u00f6m\u00e4\u00e4r\u00e4iseen vaalikokoukseen perjantaina 7.11.2025 klo 18.00!<\/p>\n\n\n\n<p>Kokous j\u00e4rjestet\u00e4\u00e4n Zarillo-ravintolan kabinetissa (Puutarhakatu 8, 33210 Tampere). Kaikki yhdistyksen j\u00e4senet ovat tervetulleita. Yhdistys tarjoaa osallistujille ruuan ja alkoholittoman ruokajuoman.<\/p>\n\n\n\n<p>Kokouksessa k\u00e4sitell\u00e4\u00e4n s\u00e4\u00e4nt\u00f6m\u00e4\u00e4r\u00e4iset asiat, eli muun muassa valitaan uusi puheenjohtaja ja hallitus seuraavalle toimikaudelle sek\u00e4 k\u00e4sitell\u00e4\u00e4n vuoden 2026 talous- ja toimintasuunnitelmat. Tule mukaan kuulemaan, mit\u00e4 yhdistyksess\u00e4 on touhuttu viimeisen vuoden aikana ja mit\u00e4 on suunniteltu seuraavalle vuodelle!<\/p>\n\n\n\n<p><strong>Nykyisen hallituksen j\u00e4senist\u00e4 suurin osa j\u00e4\u00e4 pois kuluvan kauden p\u00e4\u00e4tteeksi, joten uusia toimijoita tarvitaan, jotta yhdistyksen toiminta voi jatkua ensi vuonna.<\/strong>&nbsp;Mukaan voi tulla hallitukseen tai muuten vain auttamaan toiminnassa, esimerkiksi tapahtumien j\u00e4rjest\u00e4misess\u00e4 tai somen p\u00e4ivitt\u00e4misess\u00e4.<\/p>\n\n\n\n<p>Kokoukseen osallistuminen ei sido mihink\u00e4\u00e4n, mutta tarvitsemme lis\u00e4k\u00e4si\u00e4 ja uusia ajatuksia mukaan porukkaan. T\u00e4rke\u00e4\u00e4 on, ett\u00e4 yhdistys pysyy elinvoimaisena ja voimme jatkossakin tarjota tietoa, vertaistukea ja virkistyst\u00e4 monikkoperheille Pirkanmaan alueella!<\/p>\n\n\n\n<p>Ruokailun takia pyyd\u00e4mme, ett\u00e4 ilmoittaudut mukaan ennakkoon su 2.11. menness\u00e4 s\u00e4hk\u00f6postitse osoitteeseen pirkanmaan.monikkoperheet@gmail.com.<\/p>\n\n\n\n<p>S\u00e4\u00e4nt\u00f6m\u00e4\u00e4r\u00e4isen vaalikokouksen esityslista:<\/p>\n\n\n\n<p>Pirkanmaan monikkoperheet ry<\/p>\n\n\n\n<p>Esityslista, vaalikokous 7.11.2025 klo 18.00<\/p>\n\n\n\n<p>Paikka: Zarillo Puutarhakatu, Tampere (alakerran kabinetti)<\/p>\n\n\n\n<p>1. Kokouksen avaaminen.<\/p>\n\n\n\n<p>2. Valitaan kokouksen puheenjohtaja.<\/p>\n\n\n\n<p>3. Valitaan kokoukselle sihteeri sek\u00e4 p\u00f6yt\u00e4kirjan tarkastajat ja \u00e4\u00e4ntenlaskijat.<\/p>\n\n\n\n<p>4. Todetaan kokouksen laillisuus ja p\u00e4\u00e4t\u00f6svaltaisuus.<\/p>\n\n\n\n<p>5. Hyv\u00e4ksyt\u00e4\u00e4n esityslista.<\/p>\n\n\n\n<p>6. Valitaan yhdistykselle puheenjohtaja.<\/p>\n\n\n\n<p>7. Valitaan yhdistyksen hallitukseen 3-7 varsinaista j\u00e4sent\u00e4 sek\u00e4 1-5 varaj\u00e4sent\u00e4 toimintakaudelle 1.1.-31.12.2026.<\/p>\n\n\n\n<p>8. Valitaan yhdistykselle toiminnantarkastaja.<\/p>\n\n\n\n<p>9. Esitell\u00e4\u00e4n hallituksen ehdotus toimintasuunnitelmasta, taloussuunnitelmasta sek\u00e4 j\u00e4senmaksun suuruudesta vuodelle 2026.<\/p>\n\n\n\n<p>10. Vahvistetaan toimintasuunnitelma, taloussuunnitelma sek\u00e4 j\u00e4senmaksun suuruus vuodelle 2026.<\/p>\n\n\n\n<p>11. Muut esille tulevat asiat.<\/p>\n\n\n\n<p>12. Kokouksen p\u00e4\u00e4tt\u00e4minen.<\/p>\n\n\n\n<p><\/p>\n\n\n\n<p>*******************************************************************************************************************************************************************************<\/p>\n\n\n\n<p><strong>SYKSYN LIIKUNTATAPAHTUMA SKIDIPARKISSA 25.10.2025<\/strong><\/p>\n\n\n\n<p><em><em><strong>HUOM! TAPAHTUMA ON T\u00c4YNN\u00c4 (29.9.2025)<\/strong><\/em><\/em><\/p>\n\n\n\n<p>Tervetuloa perinteiseen syksyn liikuntatapahtumaan Skidiparkiin (Ideapark, Lemp\u00e4\u00e4l\u00e4) lauantaina 25.10.2025 klo 15-17. Tapahtuma on yhdistyksen j\u00e4senperheille ja osallistuminen on maksuton perheen monikoille. Muut maksut osallistujat maksavat itse paikan p\u00e4\u00e4ll\u00e4 Skidiparkiin. Muiden perheenj\u00e4senten hinnat: 9,50 \u20ac \/ yli 2-vuotias lapsi. 5 \u20ac \/ 1-vuotias lapsi. Aikuiset ja alle 1-vuotiaat 0 \u20ac.<\/p>\n\n\n\n<p>Leikkitilojen lis\u00e4ksi meille on varattu syntt\u00e4rihuone, jossa on tarjolla aikuisille kahvia ja lapsille pillimehut. Ilmoittautuminen aukeaa sunnuntaina 28.9. ja t\u00e4st\u00e4 l\u00e4hetet\u00e4\u00e4n j\u00e4senille s\u00e4hk\u00f6postiin tapahtumakutsu ja ilmoittautumislinkki.  Ilmoittautuminen on sitova. Mukaan mahtuu rajoitettu m\u00e4\u00e4r\u00e4 osallistujia, noin 50 monikkolasta + perheen aikuiset ja muut lapset. Ilmoitathan mahdollisesta esteest\u00e4 yhdistyksen s\u00e4hk\u00f6postiin pirkanmaan.monikkoperheet@gmail.com, kiitos. L\u00e4mpim\u00e4sti tervetuloa ja n\u00e4hd\u00e4\u00e4n Skidiparkissa!<\/p>\n\n\n\n<p>*******************************************************************************************************************************************************************************<\/p>\n\n\n\n<p><strong>MONIKKOVANHEMPIEN VIRKISTYSTAPAHTUMA 7.9.2025<\/strong><\/p>\n\n\n\n<p>Yhdistys j\u00e4rjest\u00e4\u00e4 monikkovanhempien virkistystapahtuman sunnuntaina 7.9. klo 12-16 Kaupinojan saunan takkatuvalla Tampereella, os. Kaupinpuistonkatu 1.<\/p>\n\n\n\n<p>Heti tapahtuman alussa seksuaaliterapeutti Sara Soini tulee puhumaan vanhempien jaksamisesta sek\u00e4 parisuhteen vaalimisesta pikkulapsiaikana. Sara on auktorisoitu seksuaalineuvoja, ja h\u00e4n tarjoaa palveluita Tampereella. Lyhyen luennon j\u00e4lkeen luvassa on kevyt lounas sek\u00e4 mahdollisuus saunomiseen, uimiseen, kahvitteluun ja vapaaseen kuulumisten vaihtoon ja vertaistukeen muiden monikkovanhempien kanssa. Tapahtuma on osallistujille ilmainen, ja se rahoitetaan STEAn monikkoperheyhdistykselle my\u00f6nt\u00e4m\u00e4ll\u00e4 avustuksella.<\/p>\n\n\n\n<p>Tule mukaan tapaamaan uusia kasvoja ja vanhoja tuttuja sek\u00e4 nauttimaan omasta ajasta ja vertaistuesta, yksin tai puolison kanssa! Ilmoittaudu mukaan&nbsp;mahdollisimman pian, mutta tarjoilujen takia viimeist\u00e4\u00e4n keskiviikkona 27.8. Paikkoja on rajoitetusti! Tarkemmat saapumisohjeet ja tietoa tapahtumapaikasta l\u00f6ytyy t\u00e4\u00e4lt\u00e4:&nbsp;<a href=\"https:\/\/talviuimarit.fi\/takkatupa\/\" target=\"_blank\" rel=\"noreferrer noopener\">https:\/\/talviuimarit.fi\/takkatupa\/<\/a><\/p>\n\n\n\n<p>*******************************************************************************************************************************************************************************<\/p>\n\n\n\n<p><strong>KEV\u00c4INEN RETKITAPAHTUMA 17.5.2025<\/strong><\/p>\n\n\n\n<p>J\u00e4rjest\u00e4mme kev\u00e4isen ulkoilutapahtuman Niihaman Majalla (Pikku-Niihamantie 80, 33560 Tampere) lauantaina 17.5. klo 10-13.<\/p>\n\n\n\n<p>Kaikkien suosikki ja ilon tuoja SuperSam liikuttaa lapsia klo 10.30-11.10! K\u00e4yt\u00f6ss\u00e4mme on tapahtuman ajan grillikota, jossa voi k\u00e4yd\u00e4 paistamassa omia makkaroita, ja yhdistys tarjoaa pillimehut ja pient\u00e4 makeaa. Lis\u00e4ksi luvassa on tuttuun tapaan vertaistukea ja muihin monikkoperheisiin rentoa tutustumista.<\/p>\n\n\n\n<p>*******************************************************************************************************************************************************************************<\/p>\n\n\n\n<p><strong>TERVEYTT\u00c4 EDIST\u00c4VI\u00c4 ET\u00c4LUENTOJA MONIKKOVANHEMMILLE<\/strong><\/p>\n\n\n\n<p>Kev\u00e4\u00e4n 2025 aikana monikkovanhemmille j\u00e4rjestet\u00e4\u00e4n terveytt\u00e4 edist\u00e4vi\u00e4 interaktiivisia et\u00e4luentoja \u2013 voit osallistua mahdollisuuksiesi mukaan kaikkiin tai vain johonkin osioon. Keskustellaan yhdess\u00e4 terveytt\u00e4 edist\u00e4v\u00e4st\u00e4 n\u00e4k\u00f6kulmasta eri aiheista.<\/p>\n\n\n\n<p>Aloitus klo 17.30, p\u00e4\u00e4ttyen n. klo 18.30<\/p>\n\n\n\n<p>25.3. Terveyden edist\u00e4minen yleisesti<\/p>\n\n\n\n<p>1.4. Ravinto<\/p>\n\n\n\n<p>8.4. Liikunta<\/p>\n\n\n\n<p>15.4. Uni<\/p>\n\n\n\n<p>22.4. Jaksaminen<\/p>\n\n\n\n<p>Et\u00e4luennot pit\u00e4\u00e4 terveydenhoitajaopiskelija Riikka Salonen, TAMK<\/p>\n\n\n\n<p>*******************************************************************************************************************************************************************************<\/p>\n\n\n\n<p><strong>KEV\u00c4TKOKOUS 23.3.2025 KELLO 14:00<\/strong><\/p>\n\n\n\n<p>Pirkanmaan monikkoperheet ry:n s\u00e4\u00e4nt\u00f6m\u00e4\u00e4r\u00e4inen&nbsp;kev\u00e4tkokous&nbsp;pidet\u00e4\u00e4n sunnuntaina 23.3. alkaen klo 14.00 Tallipihan Kahvilan kabinetissa Tampereella. Kaikki yhdistyksen j\u00e4senet ovat tervetulleita kokoukseen.<\/p>\n\n\n\n<p>Kannattaa tulla kuulemaan, mit\u00e4 yhdistyksess\u00e4 on touhuttu viime vuonna ja mit\u00e4 on tulossa kuluvalle vuodelle. T\u00e4rke\u00e4\u00e4 on, ett\u00e4 yhdistys porskuttaa voimissaan \u2013 pidet\u00e4\u00e4n yhdess\u00e4 monikkoperheiden&nbsp;puolta! Tarjoilun vuoksi pyyd\u00e4mme ilmoittautumaan kokoukseen s\u00e4hk\u00f6postitse etuk\u00e4teen. N\u00e4hd\u00e4\u00e4n kokouksessa!<\/p>\n\n\n\n<p>S\u00e4\u00e4nt\u00f6m\u00e4\u00e4r\u00e4isen kev\u00e4tkokouksen esityslista<\/p>\n\n\n\n<ol class=\"wp-block-list\">\n<li>Kokouksen avaus<\/li>\n\n\n\n<li>Valitaan kokoukselle puheenjohtaja, sihteeri, kaksi p\u00f6yt\u00e4kirjantarkastajaa sek\u00e4 kaksi \u00e4\u00e4ntenlaskijaa<\/li>\n\n\n\n<li>Todetaan kokouksen laillisuus ja p\u00e4\u00e4t\u00f6svaltaisuus<\/li>\n\n\n\n<li>Hyv\u00e4ksyt\u00e4\u00e4n kokouksen esityslista<\/li>\n\n\n\n<li>Esitet\u00e4\u00e4n vuoden 2024 toimintakertomus, tilinp\u00e4\u00e4t\u00f6s ja toiminnantarkastajan lausunto<\/li>\n\n\n\n<li>P\u00e4\u00e4tet\u00e4\u00e4n vuoden 2024 tilinp\u00e4\u00e4t\u00f6ksen ja toimintakertomuksen vahvistamisesta ja vastuuvapauden my\u00f6nt\u00e4misest\u00e4<\/li>\n\n\n\n<li>Muut esille tulevat asiat<\/li>\n\n\n\n<li>Kokouksen p\u00e4\u00e4tt\u00e4minen<\/li>\n<\/ol>\n\n\n\n<p>*******************************************************************************************************************************************************************************<\/p>\n\n\n\n<p><strong>KAKSOSTENP\u00c4IV\u00c4N TAPAHTUMA SU 2.2.2025 KELLO 13-14:30<\/strong><\/p>\n\n\n\n<div class=\"wp-block-columns is-layout-flex wp-container-core-columns-is-layout-9d6595d7 wp-block-columns-is-layout-flex\">\n<div class=\"wp-block-column is-layout-flow wp-block-column-is-layout-flow\">\n<p>Kaksosten p\u00e4iv\u00e4 2.2. jo l\u00e4hestyy, ja sit\u00e4 vietet\u00e4\u00e4n t\u00e4n\u00e4 vuonna valtakunnallisesti teemalla &#8221;Voimaa vertaisuudesta&#8221;. J\u00e4rjest\u00e4mme tuolloin sunnuntaina klo 13-14.30 iloisen pulkkam\u00e4ki-\/retkitapahtuman Pikku Ahveniston laavun ymp\u00e4rist\u00f6ss\u00e4 Yl\u00f6j\u00e4rvell\u00e4, osoite Kultatie 35.<\/p>\n\n\n\n<p>Paikka sijaitsee Kultatien parkkipaikalta l\u00e4htev\u00e4n alam\u00e4kipolun p\u00e4\u00e4ss\u00e4 Pikku-Ahvenisto-nimisen lammen rannalla. Pienemm\u00e4t kannattaa tuoda parkkipaikalta esimerkiksi pulkalla vet\u00e4en (ja pulkalle\/muulle laskuv\u00e4lineelle on k\u00e4ytt\u00f6\u00e4 muutenkin). Laavulta l\u00f6ytyy puuliiteri ja ulkohuussi.<\/p>\n\n\n\n<p>Mukaan pulkat ja liukurit, sek\u00e4 omat ev\u00e4\u00e4t (makkaranpaistomahdollisuus on). Juhlitaan kaksosuutta ja vietet\u00e4\u00e4n mukava hetki yhdess\u00e4 vertaisten kanssa!<\/p>\n<\/div>\n<\/div>\n\n\n\n<hr class=\"wp-block-separator has-css-opacity\" \/>\n\n\n\n<p><strong>Kysy tapahtumista:<\/strong> <a href=\"mailto:yhdistys@monikkoperheet.net\">pirkanmaan.monikkoperheet@gmail.com<\/a><br><a href=\"https:\/\/monikkoperheet.fi\/pirkanmaa\/tietoa-jasenyydesta\/\">J\u00e4senen\u00e4<\/a> saat tiedon tapahtumista ensimm\u00e4isen\u00e4 s\u00e4hk\u00f6postitse, ja yhdistyksen somessa <a href=\"https:\/\/www.facebook.com\/pirkanmaanmonikkoperheet\/\" target=\"_blank\" rel=\"noreferrer noopener\">Facebookissa<\/a> ja <a href=\"https:\/\/www.instagram.com\/pirkanmaan_monikkoperheet\/\" target=\"_blank\" rel=\"noreferrer noopener\">Instagramissa<\/a> saat lis\u00e4tietoja.<\/p>\n\n\n\n<p><a href=\"https:\/\/monikkoperheet.fi\/pirkanmaa\/tapahtumat_2023\/\" title=\"\">Vanhoja tapahtumia<\/a><\/p>\n\n\n\n<p><\/p>\n","protected":false},"excerpt":{"rendered":"<p>Pirkanmaan Monikkoperheet ry:n tapahtumat 2026 TAPAHTUMAKALENTERI P\u00c4IVITET\u00c4\u00c4N PIAN! Katso tulevien monikkoperhevalmennusten aikataulut t\u00e4\u00e4lt\u00e4. 2025 TAPAHTUMAKALENTERI Tammikuu Helmikuu Maaliskuu Monikkokahvila Tampereella 23.1. kello 17:00-18:30 2.2. Kaksostenp\u00e4iv\u00e4 ja Kaksostenp\u00e4iv\u00e4n tapahtuma 2.3. Kolmostenp\u00e4iv\u00e4n tapahtuma ja 3.3. Kolmostenp\u00e4iv\u00e4 Monikkoperhevalmennus 9.2. ja 16.2. kello 13-16 Monikkokahvila Tampereella 20.3. kello 17:00-18:30 Monikkokahvila Tampereella 16.2. kello 10:30-12:30 23.3. Kev\u00e4tkokous Terveytt\u00e4 edist\u00e4vi\u00e4 et\u00e4luentoja [&hellip;]<\/p>\n","protected":false},"author":12,"featured_media":0,"parent":0,"menu_order":0,"comment_status":"closed","ping_status":"closed","template":"","meta":{"_acf_changed":false,"footnotes":""},"class_list":["post-630","page","type-page","status-publish","hentry"],"acf":[],"aioseo_notices":[],"_links":{"self":[{"href":"https:\/\/monikkoperheet.fi\/pirkanmaa\/wp-json\/wp\/v2\/pages\/630","targetHints":{"allow":["GET"]}}],"collection":[{"href":"https:\/\/monikkoperheet.fi\/pirkanmaa\/wp-json\/wp\/v2\/pages"}],"about":[{"href":"https:\/\/monikkoperheet.fi\/pirkanmaa\/wp-json\/wp\/v2\/types\/page"}],"author":[{"embeddable":true,"href":"https:\/\/monikkoperheet.fi\/pirkanmaa\/wp-json\/wp\/v2\/users\/12"}],"replies":[{"embeddable":true,"href":"https:\/\/monikkoperheet.fi\/pirkanmaa\/wp-json\/wp\/v2\/comments?post=630"}],"version-history":[{"count":26,"href":"https:\/\/monikkoperheet.fi\/pirkanmaa\/wp-json\/wp\/v2\/pages\/630\/revisions"}],"predecessor-version":[{"id":853,"href":"https:\/\/monikkoperheet.fi\/pirkanmaa\/wp-json\/wp\/v2\/pages\/630\/revisions\/853"}],"wp:attachment":[{"href":"https:\/\/monikkoperheet.fi\/pirkanmaa\/wp-json\/wp\/v2\/media?parent=630"}],"curies":[{"name":"wp","href":"https:\/\/api.w.org\/{rel}","templated":true}]}}