{"id":67,"date":"2025-08-12T21:43:22","date_gmt":"2025-08-12T18:43:22","guid":{"rendered":"https:\/\/monikkoperheet.fi\/paijat-hameen-monikkoperheet\/?page_id=67"},"modified":"2026-01-23T21:06:09","modified_gmt":"2026-01-23T19:06:09","slug":"jaseneksi","status":"publish","type":"page","link":"https:\/\/monikkoperheet.fi\/pirkanmaa\/jaseneksi\/","title":{"rendered":"J\u00e4seneksi"},"content":{"rendered":"\n<h3 class=\"wp-block-heading\">Tietoa alueellisen monikkoperheyhdistyksen j\u00e4senyydest\u00e4<\/h3>\n\n\n\n<p>J\u00e4seneksi haluava henkil\u00f6\/perhe liittyy j\u00e4seneksi omalla alueellaan toimivaan monikkoperheyhdistykseen.&nbsp;<\/p>\n\n\n\n<p><strong>Tervetuloa mukaan Pirkanmaan Monikkoperheet ry:n toimintaan!<\/strong><\/p>\n\n\n\n<p>Pirkanmaan Monikkoperheet ry\u00a0tarjoaa vertaistukea, arjen tietoa ja tapahtumia. Tarkoituksemme on koota yhteen monikkoperheit\u00e4\u00a0virkistym\u00e4\u00e4n ja vaihtamaan kokemuksia. J\u00e4rjest\u00e4mme\u00a0odottajille valmennusta, perheille tapaamisia ja toimintaa, virkistysiltoja monikkovanhemmille sek\u00e4 retki\u00e4 ja muuta kivaa koko perheelle.<\/p>\n\n\n\n<p>J\u00e4senen\u00e4 voit osallistua yhdistyksen j\u00e4rjest\u00e4miin tapahtumiin sek\u00e4 saat j\u00e4senkortin, jolla saat etuja j\u00e4senetuliikkeist\u00e4 ymp\u00e4ri Suomen.<\/p>\n\n\n\n<p>Tervetuloa mukaan toimintaan.<\/p>\n\n\n\n<p><strong>J\u00e4senmaksumme on 20\u20ac vuodessa<\/strong>.<\/p>\n\n\n\n<div class=\"wp-block-buttons is-layout-flex wp-block-buttons-is-layout-flex\">\n<div class=\"wp-block-button\"><a class=\"wp-block-button__link wp-element-button\" href=\"https:\/\/monikkoperheet.yhdistysavain.fi\/\">T\u00e4yt\u00e4 liittymislomake<\/a><\/div>\n<\/div>\n\n\n\n<p>Huom! Liittymislomakkeita ja maksettuja j\u00e4senmaksuja k\u00e4sitell\u00e4\u00e4n noin kahden viikon v\u00e4lein. Saat j\u00e4senkortin k\u00e4ytt\u00f6\u00f6si, kun lomake on k\u00e4sitelty ja j\u00e4senmaksu maksettu.<\/p>\n\n\n\n<hr class=\"wp-block-separator has-alpha-channel-opacity\" \/>\n\n\n\n<h3 class=\"wp-block-heading\">J\u00e4senetuja saatavilla ymp\u00e4ri Suomen<\/h3>\n\n\n\n<p>Koko Suomen etuliikkeet l\u00f6yd\u00e4t p\u00e4\u00e4sivuston, Suomen Monikkoperheet ry:n sivulta&nbsp;<a href=\"https:\/\/monikkoperheet.fi\/jaseneksi\/jasenetuliikkeet\/\">J\u00e4senetuliikkeet<\/a><\/p>\n\n\n\n<hr class=\"wp-block-separator has-alpha-channel-opacity\" \/>\n\n\n\n<p><strong>J\u00e4senedut saat k\u00e4ytt\u00f6\u00f6si, kun maksat yhdistyksen j\u00e4senmaksun ja saat sitten itsellesi k\u00e4ytt\u00f6\u00f6n j\u00e4senkortin (pdf-tiedosto s\u00e4hk\u00f6postiisi).<\/strong><\/p>\n\n\n\n<figure class=\"wp-block-image size-large is-resized\"><img loading=\"lazy\" decoding=\"async\" width=\"1024\" height=\"391\" src=\"https:\/\/monikkoperheet.fi\/pirkanmaa\/wp-content\/uploads\/sites\/15\/2024\/04\/pmp-logo_www-1024x391.jpg\" alt=\"\" class=\"wp-image-662\" style=\"width:505px;height:auto\" srcset=\"https:\/\/monikkoperheet.fi\/pirkanmaa\/wp-content\/uploads\/sites\/15\/2024\/04\/pmp-logo_www-1024x391.jpg 1024w, https:\/\/monikkoperheet.fi\/pirkanmaa\/wp-content\/uploads\/sites\/15\/2024\/04\/pmp-logo_www-300x115.jpg 300w, https:\/\/monikkoperheet.fi\/pirkanmaa\/wp-content\/uploads\/sites\/15\/2024\/04\/pmp-logo_www-768x293.jpg 768w, https:\/\/monikkoperheet.fi\/pirkanmaa\/wp-content\/uploads\/sites\/15\/2024\/04\/pmp-logo_www-1536x587.jpg 1536w, https:\/\/monikkoperheet.fi\/pirkanmaa\/wp-content\/uploads\/sites\/15\/2024\/04\/pmp-logo_www-2048x782.jpg 2048w, https:\/\/monikkoperheet.fi\/pirkanmaa\/wp-content\/uploads\/sites\/15\/2024\/04\/pmp-logo_www-1200x458.jpg 1200w\" sizes=\"auto, (max-width: 1024px) 100vw, 1024px\" \/><\/figure>\n","protected":false},"excerpt":{"rendered":"<p>Tietoa alueellisen monikkoperheyhdistyksen j\u00e4senyydest\u00e4 J\u00e4seneksi haluava henkil\u00f6\/perhe liittyy j\u00e4seneksi omalla alueellaan toimivaan monikkoperheyhdistykseen.&nbsp; Tervetuloa mukaan Pirkanmaan Monikkoperheet ry:n toimintaan! Pirkanmaan Monikkoperheet ry\u00a0tarjoaa vertaistukea, arjen tietoa ja tapahtumia. Tarkoituksemme on koota yhteen monikkoperheit\u00e4\u00a0virkistym\u00e4\u00e4n ja vaihtamaan kokemuksia. J\u00e4rjest\u00e4mme\u00a0odottajille valmennusta, perheille tapaamisia ja toimintaa, virkistysiltoja monikkovanhemmille sek\u00e4 retki\u00e4 ja muuta kivaa koko perheelle. J\u00e4senen\u00e4 voit osallistua yhdistyksen j\u00e4rjest\u00e4miin [&hellip;]<\/p>\n","protected":false},"author":1,"featured_media":0,"parent":0,"menu_order":0,"comment_status":"closed","ping_status":"closed","template":"","meta":{"_acf_changed":false,"footnotes":""},"class_list":["post-67","page","type-page","status-publish","hentry"],"acf":[],"aioseo_notices":[],"_links":{"self":[{"href":"https:\/\/monikkoperheet.fi\/pirkanmaa\/wp-json\/wp\/v2\/pages\/67","targetHints":{"allow":["GET"]}}],"collection":[{"href":"https:\/\/monikkoperheet.fi\/pirkanmaa\/wp-json\/wp\/v2\/pages"}],"about":[{"href":"https:\/\/monikkoperheet.fi\/pirkanmaa\/wp-json\/wp\/v2\/types\/page"}],"author":[{"embeddable":true,"href":"https:\/\/monikkoperheet.fi\/pirkanmaa\/wp-json\/wp\/v2\/users\/1"}],"replies":[{"embeddable":true,"href":"https:\/\/monikkoperheet.fi\/pirkanmaa\/wp-json\/wp\/v2\/comments?post=67"}],"version-history":[{"count":17,"href":"https:\/\/monikkoperheet.fi\/pirkanmaa\/wp-json\/wp\/v2\/pages\/67\/revisions"}],"predecessor-version":[{"id":834,"href":"https:\/\/monikkoperheet.fi\/pirkanmaa\/wp-json\/wp\/v2\/pages\/67\/revisions\/834"}],"wp:attachment":[{"href":"https:\/\/monikkoperheet.fi\/pirkanmaa\/wp-json\/wp\/v2\/media?parent=67"}],"curies":[{"name":"wp","href":"https:\/\/api.w.org\/{rel}","templated":true}]}}