{"id":506,"date":"2023-05-11T13:56:25","date_gmt":"2023-05-11T10:56:25","guid":{"rendered":"https:\/\/monikkoperheet.fi\/pohjois-suomi\/?page_id=506"},"modified":"2023-09-27T07:55:25","modified_gmt":"2023-09-27T04:55:25","slug":"kajaanin-toiminta","status":"publish","type":"page","link":"https:\/\/monikkoperheet.fi\/pohjois-suomi\/toiminta\/kajaanin-toiminta\/","title":{"rendered":"Kainuun toiminta"},"content":{"rendered":"\n<div style=\"height:38px\" aria-hidden=\"true\" class=\"wp-block-spacer\"><\/div>\n\n\n\n<p>Pohjois-Suomen Monikkoperheet ry:ll\u00e4 on monikkoperheille toimintaa my\u00f6s Kainuussa.<br>T\u00e4ll\u00e4 hetkell\u00e4 monikkoperheiden tapaamisia j\u00e4rjestet\u00e4\u00e4n Kajaanissa. <\/p>\n\n\n\n<p><strong>Oletko kiinnostunut j\u00e4rjest\u00e4m\u00e4\u00e4n toimintaa omalla paikkakunnallasi?<\/strong> Otamme mielell\u00e4mme mukaan lis\u00e4\u00e4 vapaaehtoisia! <br>Ole meihin yhteydess\u00e4. <\/p>\n\n\n\n<p><strong>Kysy lis\u00e4\u00e4 Kainuun toiminnasta<\/strong> <strong>tai vapaaehtoistoiminnasta <\/strong>s\u00e4hk\u00f6postitse <a href=\"mailto:pohjoissuomenmonikkoperheet@gmail.com\">pohjoissuomenmonikkoperheet@gmail.com<\/a> <\/p>\n\n\n\n<p>Tapahtumatietoja l\u00f6yd\u00e4t yhdistyksen <a rel=\"noreferrer noopener\" href=\"https:\/\/www.instagram.com\/pohjoissuomenmonikkoperheet\/\" data-type=\"URL\" data-id=\"https:\/\/www.instagram.com\/pohjoissuomenmonikkoperheet\/\" target=\"_blank\">Instagram-tililt\u00e4<\/a> ja nettisivujemme <a href=\"https:\/\/monikkoperheet.fi\/pohjois-suomi\/ajankohtaista\/\" data-type=\"URL\" data-id=\"https:\/\/monikkoperheet.fi\/pohjois-suomi\/ajankohtaista\/\">Ajankohtaista<\/a>-sivulta. <\/p>\n","protected":false},"excerpt":{"rendered":"<p>Pohjois-Suomen Monikkoperheet ry:ll\u00e4 on monikkoperheille toimintaa my\u00f6s Kainuussa.T\u00e4ll\u00e4 hetkell\u00e4 monikkoperheiden tapaamisia j\u00e4rjestet\u00e4\u00e4n Kajaanissa. Oletko kiinnostunut j\u00e4rjest\u00e4m\u00e4\u00e4n toimintaa omalla paikkakunnallasi? Otamme mielell\u00e4mme mukaan lis\u00e4\u00e4 vapaaehtoisia! Ole meihin yhteydess\u00e4. Kysy lis\u00e4\u00e4 Kainuun toiminnasta tai vapaaehtoistoiminnasta s\u00e4hk\u00f6postitse pohjoissuomenmonikkoperheet@gmail.com Tapahtumatietoja l\u00f6yd\u00e4t yhdistyksen Instagram-tililt\u00e4 ja nettisivujemme Ajankohtaista-sivulta.<\/p>\n","protected":false},"author":2,"featured_media":0,"parent":69,"menu_order":0,"comment_status":"closed","ping_status":"closed","template":"","meta":{"_acf_changed":false,"footnotes":""},"class_list":["post-506","page","type-page","status-publish","hentry"],"acf":[],"aioseo_notices":[],"_links":{"self":[{"href":"https:\/\/monikkoperheet.fi\/pohjois-suomi\/wp-json\/wp\/v2\/pages\/506","targetHints":{"allow":["GET"]}}],"collection":[{"href":"https:\/\/monikkoperheet.fi\/pohjois-suomi\/wp-json\/wp\/v2\/pages"}],"about":[{"href":"https:\/\/monikkoperheet.fi\/pohjois-suomi\/wp-json\/wp\/v2\/types\/page"}],"author":[{"embeddable":true,"href":"https:\/\/monikkoperheet.fi\/pohjois-suomi\/wp-json\/wp\/v2\/users\/2"}],"replies":[{"embeddable":true,"href":"https:\/\/monikkoperheet.fi\/pohjois-suomi\/wp-json\/wp\/v2\/comments?post=506"}],"version-history":[{"count":4,"href":"https:\/\/monikkoperheet.fi\/pohjois-suomi\/wp-json\/wp\/v2\/pages\/506\/revisions"}],"predecessor-version":[{"id":682,"href":"https:\/\/monikkoperheet.fi\/pohjois-suomi\/wp-json\/wp\/v2\/pages\/506\/revisions\/682"}],"up":[{"embeddable":true,"href":"https:\/\/monikkoperheet.fi\/pohjois-suomi\/wp-json\/wp\/v2\/pages\/69"}],"wp:attachment":[{"href":"https:\/\/monikkoperheet.fi\/pohjois-suomi\/wp-json\/wp\/v2\/media?parent=506"}],"curies":[{"name":"wp","href":"https:\/\/api.w.org\/{rel}","templated":true}]}}