{"id":112,"date":"2021-01-15T15:07:03","date_gmt":"2021-01-15T13:07:03","guid":{"rendered":"https:\/\/monikkoperheet.fi\/pori\/?page_id=112"},"modified":"2026-03-02T14:56:47","modified_gmt":"2026-03-02T12:56:47","slug":"monikkoperhevalmennus","status":"publish","type":"page","link":"https:\/\/monikkoperheet.fi\/pori\/monikkoperhevalmennus\/","title":{"rendered":"Monikkoperhevalmennus"},"content":{"rendered":"\n<h3 class=\"wp-block-heading\">Yhdistyksemme toiminta-alueella j\u00e4rjestet\u00e4\u00e4n monikkoperhevalmennusta<\/h3>\n\n\n\n<h4 class=\"wp-block-heading\">Seuraava monikkoperhevalmennus<\/h4>\n\n\n\n<p>Tapaamme monikkoperhevalmennuksen parissa seuraavan kerran maaliskuussa! Ilmoittaudu mukaan. <br>Valmennus on maksuton. <\/p>\n\n\n\n<p><strong>Ohjelma<\/strong><\/p>\n\n\n\n<p><strong>Ke 25.3.2026 klo 17.30-19:30<\/strong>: monikkoraskaus &amp; synnytys &#8211; k\u00e4til\u00f6 Eliisa Karttunen (Liisantorin vastaanotto, Liisankatu 18 B, Pori 1. krs)<br><strong>Ti 31.3.2026 klo 17.30-19:30:<\/strong> monikkoperheen vauva-arki &#8211; yhdistyksen vapaaehtoiset monikkovalmentajat (Satasairaalan E-rakennus, 2 krs., ovi 11)<\/p>\n\n\n\n<p>Ilmoittaudu mukaan viimeist\u00e4\u00e4n 22.3.2026 oheisella <a href=\"https:\/\/urly.fi\/3KIW\" target=\"_blank\" rel=\"noopener\" title=\"lomakkeella\">lomakkeella<\/a>. <\/p>\n\n\n\n<p>Kysy Porin Seudun Monikkoperheet ry:n valmennuksesta lis\u00e4\u00e4 yhdistyksen vapaaehtoistoimijoilta s\u00e4hk\u00f6postitse: <a href=\"mailto:porinseudunmonikkoperheet@gmail.com\">porinseudunmonikkoperheet@gmail.com<\/a><\/p>\n\n\n\n<figure class=\"wp-block-image size-large is-resized\"><img loading=\"lazy\" decoding=\"async\" width=\"768\" height=\"1024\" src=\"https:\/\/monikkoperheet.fi\/pori\/wp-content\/uploads\/sites\/18\/2026\/03\/Porin-Seudun-Monikkoperheet-Monikkoperhevalmennus-3-2026-768x1024.jpg\" alt=\"\" class=\"wp-image-252\" style=\"width:431px;height:auto\" srcset=\"https:\/\/monikkoperheet.fi\/pori\/wp-content\/uploads\/sites\/18\/2026\/03\/Porin-Seudun-Monikkoperheet-Monikkoperhevalmennus-3-2026-768x1024.jpg 768w, https:\/\/monikkoperheet.fi\/pori\/wp-content\/uploads\/sites\/18\/2026\/03\/Porin-Seudun-Monikkoperheet-Monikkoperhevalmennus-3-2026-225x300.jpg 225w, https:\/\/monikkoperheet.fi\/pori\/wp-content\/uploads\/sites\/18\/2026\/03\/Porin-Seudun-Monikkoperheet-Monikkoperhevalmennus-3-2026.jpg 1080w\" sizes=\"auto, (max-width: 768px) 100vw, 768px\" \/><\/figure>\n","protected":false},"excerpt":{"rendered":"<p>Yhdistyksemme toiminta-alueella j\u00e4rjestet\u00e4\u00e4n monikkoperhevalmennusta Seuraava monikkoperhevalmennus Tapaamme monikkoperhevalmennuksen parissa seuraavan kerran maaliskuussa! Ilmoittaudu mukaan. Valmennus on maksuton. Ohjelma Ke 25.3.2026 klo 17.30-19:30: monikkoraskaus &amp; synnytys &#8211; k\u00e4til\u00f6 Eliisa Karttunen (Liisantorin vastaanotto, Liisankatu 18 B, Pori 1. krs)Ti 31.3.2026 klo 17.30-19:30: monikkoperheen vauva-arki &#8211; yhdistyksen vapaaehtoiset monikkovalmentajat (Satasairaalan E-rakennus, 2 krs., ovi 11) Ilmoittaudu mukaan viimeist\u00e4\u00e4n [&hellip;]<\/p>\n","protected":false},"author":2,"featured_media":0,"parent":0,"menu_order":0,"comment_status":"closed","ping_status":"closed","template":"","meta":{"_acf_changed":false,"footnotes":""},"class_list":["post-112","page","type-page","status-publish","hentry"],"acf":[],"aioseo_notices":[],"_links":{"self":[{"href":"https:\/\/monikkoperheet.fi\/pori\/wp-json\/wp\/v2\/pages\/112","targetHints":{"allow":["GET"]}}],"collection":[{"href":"https:\/\/monikkoperheet.fi\/pori\/wp-json\/wp\/v2\/pages"}],"about":[{"href":"https:\/\/monikkoperheet.fi\/pori\/wp-json\/wp\/v2\/types\/page"}],"author":[{"embeddable":true,"href":"https:\/\/monikkoperheet.fi\/pori\/wp-json\/wp\/v2\/users\/2"}],"replies":[{"embeddable":true,"href":"https:\/\/monikkoperheet.fi\/pori\/wp-json\/wp\/v2\/comments?post=112"}],"version-history":[{"count":8,"href":"https:\/\/monikkoperheet.fi\/pori\/wp-json\/wp\/v2\/pages\/112\/revisions"}],"predecessor-version":[{"id":255,"href":"https:\/\/monikkoperheet.fi\/pori\/wp-json\/wp\/v2\/pages\/112\/revisions\/255"}],"wp:attachment":[{"href":"https:\/\/monikkoperheet.fi\/pori\/wp-json\/wp\/v2\/media?parent=112"}],"curies":[{"name":"wp","href":"https:\/\/api.w.org\/{rel}","templated":true}]}}