{"id":99,"date":"2021-01-15T14:54:31","date_gmt":"2021-01-15T12:54:31","guid":{"rendered":"https:\/\/monikkoperheet.fi\/pori\/?page_id=99"},"modified":"2025-12-09T10:11:08","modified_gmt":"2025-12-09T08:11:08","slug":"yhteystiedot","status":"publish","type":"page","link":"https:\/\/monikkoperheet.fi\/pori\/yhteystiedot\/","title":{"rendered":"Yhteystiedot"},"content":{"rendered":"\n<p><strong>Porin Seudun Monikkoperheet ry toimii t\u00e4ysin vapaaehtoisvoimin. <\/strong><br>Yhdistyksen hallituksen\/vapaaehtoistoimijat tavoitat s\u00e4hk\u00f6postitse.<\/p>\n\n\n\n<div style=\"height:20px\" aria-hidden=\"true\" class=\"wp-block-spacer\"><\/div>\n\n\n\n<div class=\"wp-block-columns is-layout-flex wp-container-core-columns-is-layout-9d6595d7 wp-block-columns-is-layout-flex\">\n<div class=\"wp-block-column is-layout-flow wp-block-column-is-layout-flow\"><div class=\"wp-block-image is-resized\">\n<figure class=\"alignleft size-large\"><img loading=\"lazy\" decoding=\"async\" width=\"88\" height=\"95\" src=\"https:\/\/monikkoperheet.fi\/pori\/wp-content\/uploads\/sites\/18\/2021\/01\/otayhteytta.png\" alt=\"\" class=\"wp-image-62\"\/><\/figure>\n<\/div><\/div>\n\n\n\n<div class=\"wp-block-column is-layout-flow wp-block-column-is-layout-flow\"><div class=\"wp-block-image is-resized\">\n<figure class=\"alignleft size-large\"><img loading=\"lazy\" decoding=\"async\" width=\"1024\" height=\"576\" src=\"https:\/\/monikkoperheet.fi\/pori\/wp-content\/uploads\/sites\/18\/2021\/01\/somelogot-1024x576.jpg\" alt=\"\" class=\"wp-image-132\" style=\"aspect-ratio:1.7778172012489355;width:229px;height:auto\" srcset=\"https:\/\/monikkoperheet.fi\/pori\/wp-content\/uploads\/sites\/18\/2021\/01\/somelogot-1024x576.jpg 1024w, https:\/\/monikkoperheet.fi\/pori\/wp-content\/uploads\/sites\/18\/2021\/01\/somelogot-300x169.jpg 300w, https:\/\/monikkoperheet.fi\/pori\/wp-content\/uploads\/sites\/18\/2021\/01\/somelogot-768x432.jpg 768w, https:\/\/monikkoperheet.fi\/pori\/wp-content\/uploads\/sites\/18\/2021\/01\/somelogot-1200x675.jpg 1200w, https:\/\/monikkoperheet.fi\/pori\/wp-content\/uploads\/sites\/18\/2021\/01\/somelogot.jpg 1280w\" sizes=\"auto, (max-width: 1024px) 100vw, 1024px\" \/><\/figure>\n<\/div><\/div>\n<\/div>\n\n\n\n<div class=\"wp-block-columns is-layout-flex wp-container-core-columns-is-layout-9d6595d7 wp-block-columns-is-layout-flex\">\n<div class=\"wp-block-column is-layout-flow wp-block-column-is-layout-flow\">\n<h4 class=\"wp-block-heading\">Yhdistyksen s\u00e4hk\u00f6postiosoitteet:<\/h4>\n\n\n\n<p><strong>Yleiss\u00e4hk\u00f6postiosoite:<\/strong> <a href=\"mailto:porinseudunmonikkoperheet@gmail.com\">porinseudunmonikkoperheet@gmail.com<\/a><\/p>\n\n\n\n<p><strong>J\u00e4senasiat:<\/strong> <a href=\"mailto:porinseudunmonikkoperheet@gmail.com\">porinseudunmonikkoperheet@gmail.com<\/a><\/p>\n\n\n\n<p><strong>Monikkoperhevalmennus:<\/strong> <a href=\"mailto:porinseudunmonikkoperheet@gmail.com\">porinseudunmonikkoperheet@gmail.com<\/a><\/p>\n<\/div>\n\n\n\n<div class=\"wp-block-column is-layout-flow wp-block-column-is-layout-flow\">\n<h4 class=\"wp-block-heading\">Yhdistys sosiaalisessa mediassa:<\/h4>\n\n\n\n<p><strong>Facebook: <\/strong><a href=\"https:\/\/www.facebook.com\/porinseudunmonikkoperheet\" data-type=\"URL\" data-id=\"https:\/\/www.facebook.com\/porinseudunmonikkoperheet\" target=\"_blank\" rel=\"noreferrer noopener\">Porin Seudun Monikkoperheet ry<\/a><\/p>\n\n\n\n<p><strong>Instagram: <\/strong><a href=\"https:\/\/www.instagram.com\/porin_seudun_monikkoperheet\/\" title=\"\">porin_seudun_monikkoperheet<\/a><\/p>\n<\/div>\n<\/div>\n\n\n\n<hr class=\"wp-block-separator has-css-opacity\"\/>\n\n\n\n<h4 class=\"wp-block-heading\">Yhdistyksen hallitus 2025:<\/h4>\n\n\n\n<div style=\"height:15px\" aria-hidden=\"true\" class=\"wp-block-spacer\"><\/div>\n\n\n\n<p><strong>Puheenjohtaja:<\/strong> Anu Vesanen<\/p>\n\n\n\n<p><strong>Varapuheenjohtaja: <\/strong>Jenni Johima-Frigren<\/p>\n\n\n\n<p><strong>Sihteeri,<\/strong> <strong>j\u00e4senvastaava, rahastonhoitaja:<\/strong> Johanna Kiviharju<\/p>\n\n\n\n<p><strong>Monikkoperhevalmennukset, some:<\/strong> Ida Vigren<\/p>\n\n\n\n<p><strong>Sosiaalinen media:<\/strong> Maria Suvimeri-Hohtari<\/p>\n\n\n\n<p><strong>Hallituksen j\u00e4sen:<\/strong> Laura Lundgren<\/p>\n\n\n\n<div style=\"height:10px\" aria-hidden=\"true\" class=\"wp-block-spacer\"><\/div>\n\n\n\n<p>Hallituksen j\u00e4senet tavoitat yhdistyksen yleiss\u00e4hk\u00f6postista.<\/p>\n\n\n\n<hr class=\"wp-block-separator has-css-opacity\"\/>\n\n\n\n<h5 class=\"wp-block-heading\">Yhdistyksen s\u00e4\u00e4nn\u00f6t:<\/h5>\n\n\n\n<p>S\u00e4\u00e4nn\u00f6t t\u00e4h\u00e4n.<\/p>\n","protected":false},"excerpt":{"rendered":"<p>Porin Seudun Monikkoperheet ry toimii t\u00e4ysin vapaaehtoisvoimin. Yhdistyksen hallituksen\/vapaaehtoistoimijat tavoitat s\u00e4hk\u00f6postitse. Yhdistyksen s\u00e4hk\u00f6postiosoitteet: Yleiss\u00e4hk\u00f6postiosoite: porinseudunmonikkoperheet@gmail.com J\u00e4senasiat: porinseudunmonikkoperheet@gmail.com Monikkoperhevalmennus: porinseudunmonikkoperheet@gmail.com Yhdistys sosiaalisessa mediassa: Facebook: Porin Seudun Monikkoperheet ry Instagram: porin_seudun_monikkoperheet Yhdistyksen hallitus 2025: Puheenjohtaja: Anu Vesanen Varapuheenjohtaja: Jenni Johima-Frigren Sihteeri, j\u00e4senvastaava, rahastonhoitaja: Johanna Kiviharju Monikkoperhevalmennukset, some: Ida Vigren Sosiaalinen media: Maria Suvimeri-Hohtari Hallituksen j\u00e4sen: Laura Lundgren [&hellip;]<\/p>\n","protected":false},"author":2,"featured_media":0,"parent":0,"menu_order":0,"comment_status":"closed","ping_status":"closed","template":"","meta":{"_acf_changed":false,"footnotes":""},"class_list":["post-99","page","type-page","status-publish","hentry"],"acf":[],"aioseo_notices":[],"_links":{"self":[{"href":"https:\/\/monikkoperheet.fi\/pori\/wp-json\/wp\/v2\/pages\/99","targetHints":{"allow":["GET"]}}],"collection":[{"href":"https:\/\/monikkoperheet.fi\/pori\/wp-json\/wp\/v2\/pages"}],"about":[{"href":"https:\/\/monikkoperheet.fi\/pori\/wp-json\/wp\/v2\/types\/page"}],"author":[{"embeddable":true,"href":"https:\/\/monikkoperheet.fi\/pori\/wp-json\/wp\/v2\/users\/2"}],"replies":[{"embeddable":true,"href":"https:\/\/monikkoperheet.fi\/pori\/wp-json\/wp\/v2\/comments?post=99"}],"version-history":[{"count":14,"href":"https:\/\/monikkoperheet.fi\/pori\/wp-json\/wp\/v2\/pages\/99\/revisions"}],"predecessor-version":[{"id":234,"href":"https:\/\/monikkoperheet.fi\/pori\/wp-json\/wp\/v2\/pages\/99\/revisions\/234"}],"wp:attachment":[{"href":"https:\/\/monikkoperheet.fi\/pori\/wp-json\/wp\/v2\/media?parent=99"}],"curies":[{"name":"wp","href":"https:\/\/api.w.org\/{rel}","templated":true}]}}