{"id":114,"date":"2021-01-15T15:07:30","date_gmt":"2021-01-15T13:07:30","guid":{"rendered":"https:\/\/monikkoperheet.fi\/rauma\/?page_id=114"},"modified":"2025-12-09T10:53:15","modified_gmt":"2025-12-09T08:53:15","slug":"tapahtumat","status":"publish","type":"page","link":"https:\/\/monikkoperheet.fi\/rauma\/tapahtumat\/","title":{"rendered":"Tapahtumat"},"content":{"rendered":"\n<h4 class=\"wp-block-heading\">Rauman Seudun Monikkoperheet ry:n tapahtumat<\/h4>\n\n\n\n<div style=\"height:15px\" aria-hidden=\"true\" class=\"wp-block-spacer\"><\/div>\n\n\n\n<p>Lis\u00e4tietoja tapahtumista saat yhdistyksen <a href=\"https:\/\/www.facebook.com\/Rauman-Seudun-Monikkoperheet-ry-107013882742806\">Facebook<\/a>-sivulla ja Instagramissa <a href=\"https:\/\/www.instagram.com\/raumanmonikkoperheet\/\" title=\"\">@raumanmonikkoperheet<\/a><\/p>\n\n\n\n<p>Ilmoitamme tarkemmat tiedot tapahtumista j\u00e4senist\u00f6lle aina my\u00f6s s\u00e4hk\u00f6postitse.<\/p>\n\n\n\n<div style=\"height:15px\" aria-hidden=\"true\" class=\"wp-block-spacer\"><\/div>\n\n\n\n<figure class=\"wp-block-image size-large is-resized\"><img loading=\"lazy\" decoding=\"async\" width=\"1024\" height=\"576\" src=\"https:\/\/monikkoperheet.fi\/rauma\/wp-content\/uploads\/sites\/20\/2025\/12\/Rauman-Monikkoperheet-tapahtumakollaasi-2025-1024x576.jpg\" alt=\"\" class=\"wp-image-283\" style=\"width:1001px;height:auto\" srcset=\"https:\/\/monikkoperheet.fi\/rauma\/wp-content\/uploads\/sites\/20\/2025\/12\/Rauman-Monikkoperheet-tapahtumakollaasi-2025-1024x576.jpg 1024w, https:\/\/monikkoperheet.fi\/rauma\/wp-content\/uploads\/sites\/20\/2025\/12\/Rauman-Monikkoperheet-tapahtumakollaasi-2025-300x169.jpg 300w, https:\/\/monikkoperheet.fi\/rauma\/wp-content\/uploads\/sites\/20\/2025\/12\/Rauman-Monikkoperheet-tapahtumakollaasi-2025-768x432.jpg 768w, https:\/\/monikkoperheet.fi\/rauma\/wp-content\/uploads\/sites\/20\/2025\/12\/Rauman-Monikkoperheet-tapahtumakollaasi-2025-1200x675.jpg 1200w, https:\/\/monikkoperheet.fi\/rauma\/wp-content\/uploads\/sites\/20\/2025\/12\/Rauman-Monikkoperheet-tapahtumakollaasi-2025.jpg 1280w\" sizes=\"auto, (max-width: 1024px) 100vw, 1024px\" \/><\/figure>\n","protected":false},"excerpt":{"rendered":"<p>Rauman Seudun Monikkoperheet ry:n tapahtumat Lis\u00e4tietoja tapahtumista saat yhdistyksen Facebook-sivulla ja Instagramissa @raumanmonikkoperheet Ilmoitamme tarkemmat tiedot tapahtumista j\u00e4senist\u00f6lle aina my\u00f6s s\u00e4hk\u00f6postitse.<\/p>\n","protected":false},"author":2,"featured_media":0,"parent":0,"menu_order":0,"comment_status":"closed","ping_status":"closed","template":"","meta":{"_acf_changed":false,"footnotes":""},"class_list":["post-114","page","type-page","status-publish","hentry"],"acf":[],"aioseo_notices":[],"_links":{"self":[{"href":"https:\/\/monikkoperheet.fi\/rauma\/wp-json\/wp\/v2\/pages\/114","targetHints":{"allow":["GET"]}}],"collection":[{"href":"https:\/\/monikkoperheet.fi\/rauma\/wp-json\/wp\/v2\/pages"}],"about":[{"href":"https:\/\/monikkoperheet.fi\/rauma\/wp-json\/wp\/v2\/types\/page"}],"author":[{"embeddable":true,"href":"https:\/\/monikkoperheet.fi\/rauma\/wp-json\/wp\/v2\/users\/2"}],"replies":[{"embeddable":true,"href":"https:\/\/monikkoperheet.fi\/rauma\/wp-json\/wp\/v2\/comments?post=114"}],"version-history":[{"count":14,"href":"https:\/\/monikkoperheet.fi\/rauma\/wp-json\/wp\/v2\/pages\/114\/revisions"}],"predecessor-version":[{"id":284,"href":"https:\/\/monikkoperheet.fi\/rauma\/wp-json\/wp\/v2\/pages\/114\/revisions\/284"}],"wp:attachment":[{"href":"https:\/\/monikkoperheet.fi\/rauma\/wp-json\/wp\/v2\/media?parent=114"}],"curies":[{"name":"wp","href":"https:\/\/api.w.org\/{rel}","templated":true}]}}

<h4 class="wp-block-heading">Rauman Seudun Monikkoperheet ry:n tapahtumat</h4>



<div style="height:15px" aria-hidden="true" class="wp-block-spacer"></div>



<p>Lisätietoja tapahtumista saat yhdistyksen <a href="https://www.facebook.com/Rauman-Seudun-Monikkoperheet-ry-107013882742806">Facebook</a>-sivulla ja Instagramissa <a href="https://www.instagram.com/raumanmonikkoperheet/" title="">@raumanmonikkoperheet</a></p>



<p>Ilmoitamme tarkemmat tiedot tapahtumista jäsenistölle aina myös sähköpostitse.</p>



<div style="height:15px" aria-hidden="true" class="wp-block-spacer"></div>



<figure class="wp-block-image size-large is-resized"><img loading="lazy" decoding="async" width="1024" height="576" src="https://monikkoperheet.fi/rauma/wp-content/uploads/sites/20/2025/12/Rauman-Monikkoperheet-tapahtumakollaasi-2025-1024x576.jpg" alt="" class="wp-image-283" style="width:1001px;height:auto" srcset="https://monikkoperheet.fi/rauma/wp-content/uploads/sites/20/2025/12/Rauman-Monikkoperheet-tapahtumakollaasi-2025-1024x576.jpg 1024w, https://monikkoperheet.fi/rauma/wp-content/uploads/sites/20/2025/12/Rauman-Monikkoperheet-tapahtumakollaasi-2025-300x169.jpg 300w, https://monikkoperheet.fi/rauma/wp-content/uploads/sites/20/2025/12/Rauman-Monikkoperheet-tapahtumakollaasi-2025-768x432.jpg 768w, https://monikkoperheet.fi/rauma/wp-content/uploads/sites/20/2025/12/Rauman-Monikkoperheet-tapahtumakollaasi-2025-1200x675.jpg 1200w, https://monikkoperheet.fi/rauma/wp-content/uploads/sites/20/2025/12/Rauman-Monikkoperheet-tapahtumakollaasi-2025.jpg 1280w" sizes="auto, (max-width: 1024px) 100vw, 1024px" /></figure>

<p>Rauman Seudun Monikkoperheet ry:n tapahtumat Lisätietoja tapahtumista saat yhdistyksen Facebook-sivulla ja Instagramissa @raumanmonikkoperheet Ilmoitamme tarkemmat tiedot tapahtumista jäsenistölle aina myös sähköpostitse.</p>
