{"id":112,"date":"2023-01-22T21:25:42","date_gmt":"2023-01-22T19:25:42","guid":{"rendered":"https:\/\/monikkoperheet.fi\/savo\/?page_id=112"},"modified":"2026-01-12T09:59:54","modified_gmt":"2026-01-12T07:59:54","slug":"monikkoperhevalmennus","status":"publish","type":"page","link":"https:\/\/monikkoperheet.fi\/savo\/monikkoperhevalmennus\/","title":{"rendered":"Monikkoperhevalmennus"},"content":{"rendered":"\n<h3 class=\"wp-block-heading\">Yhdistyksemme toiminta-alueella j\u00e4rjestet\u00e4\u00e4n monikkoperhevalmennusta<\/h3>\n\n\n\n<p>Kuopion yliopistollinen sairaala (KYS) j\u00e4rjest\u00e4\u00e4 yhteisty\u00f6ss\u00e4 Savon Monikkoperheet ry:n kanssa monikkoperhevalmennusta.<\/p>\n\n\n\n<h4 class=\"wp-block-heading\"><strong>Tulevat monikkoperhevalmennukset:<\/strong><\/h4>\n\n\n\n<p>Savon alueen monikkoperhevalmennukset j\u00e4rjestet\u00e4\u00e4n vuonna 2026: 4.2., 20.5. ja 16.9. klo 17.00-20.30.<\/p>\n\n\n\n<p><strong>Paikkana: <\/strong>KYS, Kaarisairaala, Naisten akuuttikeskus 2. kerros. Suosittelemme osallistumaan paikan p\u00e4\u00e4ll\u00e4, mutta tarvittaessa j\u00e4rjest\u00e4mme et\u00e4yhteyden. <\/p>\n\n\n\n<figure class=\"wp-block-image size-large is-resized\"><img loading=\"lazy\" decoding=\"async\" width=\"724\" height=\"1024\" src=\"https:\/\/monikkoperheet.fi\/savo\/wp-content\/uploads\/sites\/21\/2026\/01\/Savon-Monikkoperheet-ry-Monikkoperhevalmennus-2026-724x1024.png\" alt=\"\" class=\"wp-image-540\" style=\"width:697px;height:auto\" srcset=\"https:\/\/monikkoperheet.fi\/savo\/wp-content\/uploads\/sites\/21\/2026\/01\/Savon-Monikkoperheet-ry-Monikkoperhevalmennus-2026-724x1024.png 724w, https:\/\/monikkoperheet.fi\/savo\/wp-content\/uploads\/sites\/21\/2026\/01\/Savon-Monikkoperheet-ry-Monikkoperhevalmennus-2026-212x300.png 212w, https:\/\/monikkoperheet.fi\/savo\/wp-content\/uploads\/sites\/21\/2026\/01\/Savon-Monikkoperheet-ry-Monikkoperhevalmennus-2026-768x1086.png 768w, https:\/\/monikkoperheet.fi\/savo\/wp-content\/uploads\/sites\/21\/2026\/01\/Savon-Monikkoperheet-ry-Monikkoperhevalmennus-2026-1086x1536.png 1086w, https:\/\/monikkoperheet.fi\/savo\/wp-content\/uploads\/sites\/21\/2026\/01\/Savon-Monikkoperheet-ry-Monikkoperhevalmennus-2026-1448x2048.png 1448w, https:\/\/monikkoperheet.fi\/savo\/wp-content\/uploads\/sites\/21\/2026\/01\/Savon-Monikkoperheet-ry-Monikkoperhevalmennus-2026-1200x1698.png 1200w, https:\/\/monikkoperheet.fi\/savo\/wp-content\/uploads\/sites\/21\/2026\/01\/Savon-Monikkoperheet-ry-Monikkoperhevalmennus-2026.png 1587w\" sizes=\"auto, (max-width: 724px) 100vw, 724px\" \/><\/figure>\n\n\n\n<hr class=\"wp-block-separator has-css-opacity\"\/>\n\n\n\n<h4 class=\"wp-block-heading\">Ilmoittautumiset:<\/h4>\n\n\n\n<p>Ilmoittautuminen kahta viikkoa ennen s\u00e4hk\u00f6postiosoitteeseen <strong>mirva.miettinen1 @ pshyvinvointialue.fi <\/strong><br>Laita viestiin osallistujien nimet, puhelinnumero, gemini\/trigemini, laskettu aika ja raskausviikot. Osallistua voit noin raskauden puolen v\u00e4lin j\u00e4lkeen.<\/p>\n\n\n\n<hr class=\"wp-block-separator has-css-opacity\"\/>\n\n\n\n<h4 class=\"wp-block-heading\">Monikkoperheiden ja &#8211; odottajien tapaamiset:<\/h4>\n\n\n\n<p>Savon Monikkoperheet ry j\u00e4rjest\u00e4\u00e4 kaikille monikkoperheille ja -odottajille yhteisi\u00e4 tapaamisia monikkoarki-iltap\u00e4ivien muodossa.<br>Iltap\u00e4iviin ovat tervetulleita odottajat ja kaikki perheenj\u00e4senet jakamaan yhteisi\u00e4 ajatuksia. <\/p>\n\n\n\n<hr class=\"wp-block-separator has-css-opacity\"\/>\n\n\n\n<h4 class=\"wp-block-heading\">Lis\u00e4tietoa valmennuksista ja vertaistapaamisista:<\/h4>\n\n\n\n<p>Yhdistyksemme <a data-type=\"URL\" data-id=\"https:\/\/www.facebook.com\/savonmonikkoperheet\" href=\"https:\/\/www.facebook.com\/savonmonikkoperheet\" target=\"_blank\" rel=\"noreferrer noopener\">Facebook-sivuilta<\/a>, Instagramista\u00a0<a href=\"https:\/\/www.instagram.com\/savonmonikkoperheet\/\" target=\"_blank\" rel=\"noreferrer noopener\">@savonmonikkoperheet<\/a>\u00a0 ja s\u00e4hk\u00f6postilla <a href=\"mailto:savon.monikkoperheet.ry@gmail.com\">savon.monikkoperheet.ry@gmail.com<\/a>.<\/p>\n\n\n\n<p><\/p>\n","protected":false},"excerpt":{"rendered":"<p>Yhdistyksemme toiminta-alueella j\u00e4rjestet\u00e4\u00e4n monikkoperhevalmennusta Kuopion yliopistollinen sairaala (KYS) j\u00e4rjest\u00e4\u00e4 yhteisty\u00f6ss\u00e4 Savon Monikkoperheet ry:n kanssa monikkoperhevalmennusta. Tulevat monikkoperhevalmennukset: Savon alueen monikkoperhevalmennukset j\u00e4rjestet\u00e4\u00e4n vuonna 2026: 4.2., 20.5. ja 16.9. klo 17.00-20.30. Paikkana: KYS, Kaarisairaala, Naisten akuuttikeskus 2. kerros. Suosittelemme osallistumaan paikan p\u00e4\u00e4ll\u00e4, mutta tarvittaessa j\u00e4rjest\u00e4mme et\u00e4yhteyden. Ilmoittautumiset: Ilmoittautuminen kahta viikkoa ennen s\u00e4hk\u00f6postiosoitteeseen mirva.miettinen1 @ pshyvinvointialue.fi Laita viestiin [&hellip;]<\/p>\n","protected":false},"author":2,"featured_media":0,"parent":0,"menu_order":0,"comment_status":"closed","ping_status":"closed","template":"","meta":{"_acf_changed":false,"footnotes":""},"class_list":["post-112","page","type-page","status-publish","hentry"],"acf":[],"aioseo_notices":[],"_links":{"self":[{"href":"https:\/\/monikkoperheet.fi\/savo\/wp-json\/wp\/v2\/pages\/112","targetHints":{"allow":["GET"]}}],"collection":[{"href":"https:\/\/monikkoperheet.fi\/savo\/wp-json\/wp\/v2\/pages"}],"about":[{"href":"https:\/\/monikkoperheet.fi\/savo\/wp-json\/wp\/v2\/types\/page"}],"author":[{"embeddable":true,"href":"https:\/\/monikkoperheet.fi\/savo\/wp-json\/wp\/v2\/users\/2"}],"replies":[{"embeddable":true,"href":"https:\/\/monikkoperheet.fi\/savo\/wp-json\/wp\/v2\/comments?post=112"}],"version-history":[{"count":27,"href":"https:\/\/monikkoperheet.fi\/savo\/wp-json\/wp\/v2\/pages\/112\/revisions"}],"predecessor-version":[{"id":548,"href":"https:\/\/monikkoperheet.fi\/savo\/wp-json\/wp\/v2\/pages\/112\/revisions\/548"}],"wp:attachment":[{"href":"https:\/\/monikkoperheet.fi\/savo\/wp-json\/wp\/v2\/media?parent=112"}],"curies":[{"name":"wp","href":"https:\/\/api.w.org\/{rel}","templated":true}]}}

<h3 class="wp-block-heading">Yhdistyksemme toiminta-alueella järjestetään monikkoperhevalmennusta</h3>



<p>Kuopion yliopistollinen sairaala (KYS) järjestää yhteistyössä Savon Monikkoperheet ry:n kanssa monikkoperhevalmennusta.</p>



<h4 class="wp-block-heading"><strong>Tulevat monikkoperhevalmennukset:</strong></h4>



<p>Savon alueen monikkoperhevalmennukset järjestetään vuonna 2026: 4.2., 20.5. ja 16.9. klo 17.00-20.30.</p>



<p><strong>Paikkana: </strong>KYS, Kaarisairaala, Naisten akuuttikeskus 2. kerros. Suosittelemme osallistumaan paikan päällä, mutta tarvittaessa järjestämme etäyhteyden. </p>



<figure class="wp-block-image size-large is-resized"><img loading="lazy" decoding="async" width="724" height="1024" src="https://monikkoperheet.fi/savo/wp-content/uploads/sites/21/2026/01/Savon-Monikkoperheet-ry-Monikkoperhevalmennus-2026-724x1024.png" alt="" class="wp-image-540" style="width:697px;height:auto" srcset="https://monikkoperheet.fi/savo/wp-content/uploads/sites/21/2026/01/Savon-Monikkoperheet-ry-Monikkoperhevalmennus-2026-724x1024.png 724w, https://monikkoperheet.fi/savo/wp-content/uploads/sites/21/2026/01/Savon-Monikkoperheet-ry-Monikkoperhevalmennus-2026-212x300.png 212w, https://monikkoperheet.fi/savo/wp-content/uploads/sites/21/2026/01/Savon-Monikkoperheet-ry-Monikkoperhevalmennus-2026-768x1086.png 768w, https://monikkoperheet.fi/savo/wp-content/uploads/sites/21/2026/01/Savon-Monikkoperheet-ry-Monikkoperhevalmennus-2026-1086x1536.png 1086w, https://monikkoperheet.fi/savo/wp-content/uploads/sites/21/2026/01/Savon-Monikkoperheet-ry-Monikkoperhevalmennus-2026-1448x2048.png 1448w, https://monikkoperheet.fi/savo/wp-content/uploads/sites/21/2026/01/Savon-Monikkoperheet-ry-Monikkoperhevalmennus-2026-1200x1698.png 1200w, https://monikkoperheet.fi/savo/wp-content/uploads/sites/21/2026/01/Savon-Monikkoperheet-ry-Monikkoperhevalmennus-2026.png 1587w" sizes="auto, (max-width: 724px) 100vw, 724px" /></figure>



<hr class="wp-block-separator has-css-opacity"/>



<h4 class="wp-block-heading">Ilmoittautumiset:</h4>



<p>Ilmoittautuminen kahta viikkoa ennen sähköpostiosoitteeseen <strong>mirva.miettinen1 @ pshyvinvointialue.fi </strong><br>Laita viestiin osallistujien nimet, puhelinnumero, gemini/trigemini, laskettu aika ja raskausviikot. Osallistua voit noin raskauden puolen välin jälkeen.</p>



<hr class="wp-block-separator has-css-opacity"/>



<h4 class="wp-block-heading">Monikkoperheiden ja &#8211; odottajien tapaamiset:</h4>



<p>Savon Monikkoperheet ry järjestää kaikille monikkoperheille ja -odottajille yhteisiä tapaamisia monikkoarki-iltapäivien muodossa.<br>Iltapäiviin ovat tervetulleita odottajat ja kaikki perheenjäsenet jakamaan yhteisiä ajatuksia. </p>



<hr class="wp-block-separator has-css-opacity"/>



<h4 class="wp-block-heading">Lisätietoa valmennuksista ja vertaistapaamisista:</h4>



<p>Yhdistyksemme <a data-type="URL" data-id="https://www.facebook.com/savonmonikkoperheet" href="https://www.facebook.com/savonmonikkoperheet" target="_blank" rel="noreferrer noopener">Facebook-sivuilta</a>, Instagramista <a href="https://www.instagram.com/savonmonikkoperheet/" target="_blank" rel="noreferrer noopener">@savonmonikkoperheet</a>  ja sähköpostilla <a href="mailto:savon.monikkoperheet.ry@gmail.com">savon.monikkoperheet.ry@gmail.com</a>.</p>



<p></p>

<p>Yhdistyksemme toiminta-alueella järjestetään monikkoperhevalmennusta Kuopion yliopistollinen sairaala (KYS) järjestää yhteistyössä Savon Monikkoperheet ry:n kanssa monikkoperhevalmennusta. Tulevat monikkoperhevalmennukset: Savon alueen monikkoperhevalmennukset järjestetään vuonna 2026: 4.2., 20.5. ja 16.9. klo 17.00-20.30. Paikkana: KYS, Kaarisairaala, Naisten akuuttikeskus 2. kerros. Suosittelemme osallistumaan paikan päällä, mutta tarvittaessa järjestämme etäyhteyden. Ilmoittautumiset: Ilmoittautuminen kahta viikkoa ennen sähköpostiosoitteeseen mirva.miettinen1 @ pshyvinvointialue.fi Laita viestiin [&hellip;]</p>
