{"id":67,"date":"2021-01-12T07:47:44","date_gmt":"2021-01-12T05:47:44","guid":{"rendered":"https:\/\/monikkoperheet.fi\/paijat-hameen-monikkoperheet\/?page_id=67"},"modified":"2026-03-17T15:03:18","modified_gmt":"2026-03-17T13:03:18","slug":"jaseneksi","status":"publish","type":"page","link":"https:\/\/monikkoperheet.fi\/savo\/jaseneksi\/","title":{"rendered":"J\u00e4seneksi"},"content":{"rendered":"\n<h4 class=\"wp-block-heading\">Tietoa alueellisen monikkoperheyhdistyksen j\u00e4senyydest\u00e4<\/h4>\n\n\n\n<p>J\u00e4seneksi haluava henkil\u00f6\/perhe liittyy j\u00e4seneksi omalla alueellaan toimivaan monikkoperheyhdistykseen.&nbsp;<\/p>\n\n\n\n<p><strong>Tervetuloa mukaan Savon Monikkoperheet ry:n toimintaan!<\/strong>&nbsp;<br>Saat vertaistukea monikkovanhemmuuteen, p\u00e4\u00e4set mukaan monipuoliseen toimintaan, saat yhdistyksen j\u00e4sentiedotteet sek\u00e4 saat alennuksia j\u00e4senkortilla ymp\u00e4ri Suomen.<\/p>\n\n\n\n<p><strong>J\u00e4senmaksumme vuonna 2026 on 20 \u20ac\/perhe.<\/strong><\/p>\n\n\n\n<div class=\"wp-block-buttons is-layout-flex wp-block-buttons-is-layout-flex\">\n<div class=\"wp-block-button\"><a class=\"wp-block-button__link wp-element-button\" href=\"https:\/\/monikkoperheet.fi\/jaseneksi\/liittymislomake\/\">T\u00e4yt\u00e4 liittymislomake<\/a><\/div>\n<\/div>\n\n\n\n<hr class=\"wp-block-separator has-alpha-channel-opacity\" \/>\n\n\n\n<h4 class=\"wp-block-heading\">J\u00e4senetuja saatavilla ymp\u00e4ri Suomen<\/h4>\n\n\n\n<p>Koko Suomen etuliikkeet l\u00f6yd\u00e4t p\u00e4\u00e4sivuston, Suomen Monikkoperheet ry:n sivulta&nbsp;<a href=\"https:\/\/monikkoperheet.fi\/jaseneksi\/jasenetuliikkeet\/\">J\u00e4senetuliikkeet<\/a><\/p>\n\n\n\n<hr class=\"wp-block-separator has-alpha-channel-opacity\" \/>\n\n\n\n<p><strong>J\u00e4senedut saat k\u00e4ytt\u00f6\u00f6si, kun maksat yhdistyksen j\u00e4senmaksun ja saat sitten itsellesi k\u00e4ytt\u00f6\u00f6n j\u00e4senkortin (pdf-tiedosto s\u00e4hk\u00f6postiisi).<\/strong><\/p>\n\n\n\n<figure class=\"wp-block-image size-full\"><img loading=\"lazy\" decoding=\"async\" width=\"230\" height=\"226\" src=\"https:\/\/monikkoperheet.fi\/savo\/wp-content\/uploads\/sites\/21\/2021\/02\/SavonMonikkoperheet_logo.jpg\" alt=\"\" class=\"wp-image-175\" \/><\/figure>\n\n\n\n<p><\/p>\n","protected":false},"excerpt":{"rendered":"<p>Tietoa alueellisen monikkoperheyhdistyksen j\u00e4senyydest\u00e4 J\u00e4seneksi haluava henkil\u00f6\/perhe liittyy j\u00e4seneksi omalla alueellaan toimivaan monikkoperheyhdistykseen.&nbsp; Tervetuloa mukaan Savon Monikkoperheet ry:n toimintaan!&nbsp;Saat vertaistukea monikkovanhemmuuteen, p\u00e4\u00e4set mukaan monipuoliseen toimintaan, saat yhdistyksen j\u00e4sentiedotteet sek\u00e4 saat alennuksia j\u00e4senkortilla ymp\u00e4ri Suomen. J\u00e4senmaksumme vuonna 2026 on 20 \u20ac\/perhe. J\u00e4senetuja saatavilla ymp\u00e4ri Suomen Koko Suomen etuliikkeet l\u00f6yd\u00e4t p\u00e4\u00e4sivuston, Suomen Monikkoperheet ry:n sivulta&nbsp;J\u00e4senetuliikkeet J\u00e4senedut saat [&hellip;]<\/p>\n","protected":false},"author":1,"featured_media":0,"parent":0,"menu_order":0,"comment_status":"closed","ping_status":"closed","template":"","meta":{"_acf_changed":false,"footnotes":""},"class_list":["post-67","page","type-page","status-publish","hentry"],"acf":[],"aioseo_notices":[],"_links":{"self":[{"href":"https:\/\/monikkoperheet.fi\/savo\/wp-json\/wp\/v2\/pages\/67","targetHints":{"allow":["GET"]}}],"collection":[{"href":"https:\/\/monikkoperheet.fi\/savo\/wp-json\/wp\/v2\/pages"}],"about":[{"href":"https:\/\/monikkoperheet.fi\/savo\/wp-json\/wp\/v2\/types\/page"}],"author":[{"embeddable":true,"href":"https:\/\/monikkoperheet.fi\/savo\/wp-json\/wp\/v2\/users\/1"}],"replies":[{"embeddable":true,"href":"https:\/\/monikkoperheet.fi\/savo\/wp-json\/wp\/v2\/comments?post=67"}],"version-history":[{"count":15,"href":"https:\/\/monikkoperheet.fi\/savo\/wp-json\/wp\/v2\/pages\/67\/revisions"}],"predecessor-version":[{"id":560,"href":"https:\/\/monikkoperheet.fi\/savo\/wp-json\/wp\/v2\/pages\/67\/revisions\/560"}],"wp:attachment":[{"href":"https:\/\/monikkoperheet.fi\/savo\/wp-json\/wp\/v2\/media?parent=67"}],"curies":[{"name":"wp","href":"https:\/\/api.w.org\/{rel}","templated":true}]}}