{"id":99,"date":"2021-01-15T14:54:31","date_gmt":"2021-01-15T12:54:31","guid":{"rendered":"https:\/\/monikkoperheet.fi\/savo\/?page_id=99"},"modified":"2026-03-17T15:13:04","modified_gmt":"2026-03-17T13:13:04","slug":"yhteystiedot","status":"publish","type":"page","link":"https:\/\/monikkoperheet.fi\/savo\/yhteystiedot\/","title":{"rendered":"Yhteystiedot"},"content":{"rendered":"\n<p><strong>Savon Monikkoperheet ry toimii t\u00e4ysin vapaaehtoisvoimin. <\/strong><br>Yhdistyksen hallituksen\/vapaaehtoistoimijat tavoitat s\u00e4hk\u00f6postitse (s\u00e4hk\u00f6postia luetaan satunnaisesti muutaman viikon v\u00e4lein).<\/p>\n\n\n\n<div style=\"height:20px\" aria-hidden=\"true\" class=\"wp-block-spacer\"><\/div>\n\n\n\n<div class=\"wp-block-columns is-layout-flex wp-container-core-columns-is-layout-9d6595d7 wp-block-columns-is-layout-flex\">\n<div class=\"wp-block-column is-layout-flow wp-block-column-is-layout-flow\"><div class=\"wp-block-image\">\n<figure class=\"aligncenter size-large is-resized\"><img loading=\"lazy\" decoding=\"async\" width=\"88\" height=\"95\" src=\"https:\/\/monikkoperheet.fi\/savo\/wp-content\/uploads\/sites\/21\/2021\/01\/otayhteytta.png\" alt=\"\" class=\"wp-image-62\" style=\"width:79px;height:85px\" \/><\/figure>\n<\/div><\/div>\n\n\n\n<div class=\"wp-block-column is-layout-flow wp-block-column-is-layout-flow\"><div class=\"wp-block-image\">\n<figure class=\"aligncenter size-large is-resized\"><img loading=\"lazy\" decoding=\"async\" width=\"1024\" height=\"576\" src=\"https:\/\/monikkoperheet.fi\/savo\/wp-content\/uploads\/sites\/21\/2021\/01\/somelogot-1024x576.jpg\" alt=\"\" class=\"wp-image-132\" style=\"width:220px;height:123px\" srcset=\"https:\/\/monikkoperheet.fi\/savo\/wp-content\/uploads\/sites\/21\/2021\/01\/somelogot-1024x576.jpg 1024w, https:\/\/monikkoperheet.fi\/savo\/wp-content\/uploads\/sites\/21\/2021\/01\/somelogot-300x169.jpg 300w, https:\/\/monikkoperheet.fi\/savo\/wp-content\/uploads\/sites\/21\/2021\/01\/somelogot-768x432.jpg 768w, https:\/\/monikkoperheet.fi\/savo\/wp-content\/uploads\/sites\/21\/2021\/01\/somelogot-1200x675.jpg 1200w, https:\/\/monikkoperheet.fi\/savo\/wp-content\/uploads\/sites\/21\/2021\/01\/somelogot.jpg 1280w\" sizes=\"auto, (max-width: 1024px) 100vw, 1024px\" \/><\/figure>\n<\/div><\/div>\n<\/div>\n\n\n\n<div class=\"wp-block-columns is-layout-flex wp-container-core-columns-is-layout-9d6595d7 wp-block-columns-is-layout-flex\">\n<div class=\"wp-block-column is-layout-flow wp-block-column-is-layout-flow\">\n<h4 class=\"wp-block-heading\">Yhdistyksen s\u00e4hk\u00f6postiosoitteet:<\/h4>\n\n\n\n<p><strong>Yleiss\u00e4hk\u00f6postiosoite:<\/strong> <a href=\"mailto:savon.monikkoperheet.ry@gmail.com\">savon.monikkoperheet.ry@gmail.com<\/a><\/p>\n\n\n\n<p><strong>J\u00e4senasiat:<\/strong> <a href=\"mailto:savon.monikkoperheet.ry@gmail.com\">savon.monikkoperheet.ry@gmail.com<\/a><\/p>\n\n\n\n<p><strong>Monikkoperhevalmennus:<\/strong> <a href=\"mailto:savon.monikkoperheet.ry@gmail.com\">savon.monikkoperheet.ry@gmail.com<\/a><\/p>\n<\/div>\n\n\n\n<div class=\"wp-block-column is-layout-flow wp-block-column-is-layout-flow\">\n<h4 class=\"wp-block-heading\">Yhdistys sosiaalisessa mediassa:<\/h4>\n\n\n\n<p><strong>Facebook: <\/strong><a href=\"https:\/\/www.facebook.com\/savonmonikkoperheet\" data-type=\"URL\" data-id=\"https:\/\/www.facebook.com\/savonmonikkoperheet\" target=\"_blank\" rel=\"noreferrer noopener\">Savon Monikkoperheet<\/a><\/p>\n\n\n\n<p><strong>Instagram: <\/strong> <a href=\"https:\/\/www.instagram.com\/savonmonikkoperheet\/\" data-type=\"URL\" data-id=\"https:\/\/www.instagram.com\/savonmonikkoperheet\/\" target=\"_blank\" rel=\"noreferrer noopener\">@savonmonikkoperheet<\/a><\/p>\n<\/div>\n<\/div>\n\n\n\n<hr class=\"wp-block-separator has-css-opacity\" \/>\n\n\n\n<h4 class=\"wp-block-heading\">Yhdistyksen hallitus ja aktiivit:<\/h4>\n\n\n\n<p><strong>Kausi:<\/strong> 2026<\/p>\n\n\n\n<p><strong>Puheenjohtaja:<\/strong> Elina Hyttinen<\/p>\n\n\n\n<p><strong>Varapuheenjohtaja ja rahastonhoitaja: <\/strong>Anna Laurinen<\/p>\n\n\n\n<p><strong>Sihteeri (kokousp\u00f6yt\u00e4kirjat):<\/strong> Anna Partanen<\/p>\n\n\n\n<p><strong>Somevastaava<\/strong>: Laura V\u00e4is\u00e4nen (varaj\u00e4sen)<\/p>\n\n\n\n<div style=\"height:37px\" aria-hidden=\"true\" class=\"wp-block-spacer\"><\/div>\n\n\n\n<p><strong>Monikkoperhevalmennusvastaavat:<\/strong> Matti-Pekka P\u00f6yh\u00f6nen ja Tiina P\u00f6yh\u00f6nen<\/p>\n\n\n\n<hr class=\"wp-block-separator has-css-opacity\" \/>\n\n\n\n<p>Yhdistyksen vapaaehtoiset tavoitat yhdistyksen s\u00e4hk\u00f6postiosoitteesta.<\/p>\n\n\n\n<hr class=\"wp-block-separator has-css-opacity\" \/>\n\n\n\n<h5 class=\"wp-block-heading\">Yhdistyksen s\u00e4\u00e4nn\u00f6t<\/h5>\n\n\n\n<p><\/p>\n\n\n\n<div class=\"wp-block-file\"><a href=\"https:\/\/monikkoperheet.fi\/savo\/wp-content\/uploads\/sites\/21\/2022\/01\/Saannot2019_Savon_Monikkoperheet-1.pdf\">Saannot2019_Savon_Monikkoperheet-1<\/a><a href=\"https:\/\/monikkoperheet.fi\/savo\/wp-content\/uploads\/sites\/21\/2022\/01\/Saannot2019_Savon_Monikkoperheet-1.pdf\" class=\"wp-block-file__button\" download>Lataa<\/a><\/div>\n","protected":false},"excerpt":{"rendered":"<p>Savon Monikkoperheet ry toimii t\u00e4ysin vapaaehtoisvoimin. Yhdistyksen hallituksen\/vapaaehtoistoimijat tavoitat s\u00e4hk\u00f6postitse (s\u00e4hk\u00f6postia luetaan satunnaisesti muutaman viikon v\u00e4lein). Yhdistyksen s\u00e4hk\u00f6postiosoitteet: Yleiss\u00e4hk\u00f6postiosoite: savon.monikkoperheet.ry@gmail.com J\u00e4senasiat: savon.monikkoperheet.ry@gmail.com Monikkoperhevalmennus: savon.monikkoperheet.ry@gmail.com Yhdistys sosiaalisessa mediassa: Facebook: Savon Monikkoperheet Instagram: @savonmonikkoperheet Yhdistyksen hallitus ja aktiivit: Kausi: 2026 Puheenjohtaja: Elina Hyttinen Varapuheenjohtaja ja rahastonhoitaja: Anna Laurinen Sihteeri (kokousp\u00f6yt\u00e4kirjat): Anna Partanen Somevastaava: Laura V\u00e4is\u00e4nen (varaj\u00e4sen) Monikkoperhevalmennusvastaavat: [&hellip;]<\/p>\n","protected":false},"author":2,"featured_media":0,"parent":0,"menu_order":0,"comment_status":"closed","ping_status":"closed","template":"","meta":{"_acf_changed":false,"footnotes":""},"class_list":["post-99","page","type-page","status-publish","hentry"],"acf":[],"aioseo_notices":[],"_links":{"self":[{"href":"https:\/\/monikkoperheet.fi\/savo\/wp-json\/wp\/v2\/pages\/99","targetHints":{"allow":["GET"]}}],"collection":[{"href":"https:\/\/monikkoperheet.fi\/savo\/wp-json\/wp\/v2\/pages"}],"about":[{"href":"https:\/\/monikkoperheet.fi\/savo\/wp-json\/wp\/v2\/types\/page"}],"author":[{"embeddable":true,"href":"https:\/\/monikkoperheet.fi\/savo\/wp-json\/wp\/v2\/users\/2"}],"replies":[{"embeddable":true,"href":"https:\/\/monikkoperheet.fi\/savo\/wp-json\/wp\/v2\/comments?post=99"}],"version-history":[{"count":24,"href":"https:\/\/monikkoperheet.fi\/savo\/wp-json\/wp\/v2\/pages\/99\/revisions"}],"predecessor-version":[{"id":563,"href":"https:\/\/monikkoperheet.fi\/savo\/wp-json\/wp\/v2\/pages\/99\/revisions\/563"}],"wp:attachment":[{"href":"https:\/\/monikkoperheet.fi\/savo\/wp-json\/wp\/v2\/media?parent=99"}],"curies":[{"name":"wp","href":"https:\/\/api.w.org\/{rel}","templated":true}]}}