{"id":67,"date":"2021-01-12T07:47:44","date_gmt":"2021-01-12T05:47:44","guid":{"rendered":"https:\/\/monikkoperheet.fi\/paijat-hameen-monikkoperheet\/?page_id=67"},"modified":"2024-12-04T14:46:54","modified_gmt":"2024-12-04T12:46:54","slug":"jaseneksi","status":"publish","type":"page","link":"https:\/\/monikkoperheet.fi\/vaasa\/jaseneksi\/","title":{"rendered":"J\u00e4seneksi"},"content":{"rendered":"\n<h3 class=\"wp-block-heading\">TIETOA J\u00c4SENYYDEST\u00c4<\/h3>\n\n\n\n<h4 class=\"wp-block-heading\">Tietoa alueellisen monikkoperheyhdistyksen j\u00e4senyydest\u00e4<\/h4>\n\n\n\n<p>J\u00e4seneksi haluava henkil\u00f6\/ perhe liittyy j\u00e4seneksi omalla alueellaan toimivaan monikkoperheyhdistykseen.&nbsp;<\/p>\n\n\n\n<p><strong>Vaasan Seudun Monikkoperheet ry&nbsp;<\/strong>on yhdistys, joka toimii kaksos-, kolmos- ja neloslasten vanhempien tukiyhdistyksen\u00e4.<br>Yhdistyksen kotipaikka on Vaasa, mutta j\u00e4seni\u00e4 l\u00f6ytyy my\u00f6s ymp\u00e4r\u00f6ivist\u00e4 kunnista. J\u00e4senin\u00e4 meill\u00e4 on niin suomen-, ruotsin- kuin englanninkielisi\u00e4kin vanhempia. Toimintamme on hyvin aktiivista ja monipuolista. Pyrimme huomioimaan eri-ik\u00e4isten monikkoperheiden tarpeet ja j\u00e4rjest\u00e4m\u00e4\u00e4n kaikille sopivaa toimintaa. Tarjoamme vertaistukea mukavan toiminnan ohella. Toimintaamme kuuluu mm. vauvaperhetreffej\u00e4, perhetapahtumia, tapaamisia sis\u00e4leikkipuistossa ja puistotreffej\u00e4, perhevalokuvauksia, \u00e4itien tapaamisia eri teemoin, vanhempien aamubrunsseja. Lis\u00e4ksi olemme tehneet risteilyj\u00e4 Uumajaan. Ja joka vuosi olemme my\u00f6s juhlistaneet kaksosten- ja kolmosten p\u00e4iv\u00e4\u00e4 sek\u00e4 viett\u00e4neet yhdess\u00e4 pikkujouluja. J\u00e4senille tarkoitettu Facebook-ryhm\u00e4 on my\u00f6s hyvin aktiivinen.<\/p>\n\n\n\n<p><strong>Vaasan seudun monikkoperheet ry &nbsp;<\/strong>\u00e4r en f\u00f6rening som arbetar som en st\u00f6df\u00f6rening f\u00f6r f\u00f6r\u00e4ldrar till tvillingar, trillingar och fyrlingar. F\u00f6reningen har sitt s\u00e4te i Vasa, men medlemmarna finns \u00e4ven i de omgivande kommunerna. Bland f\u00f6reningens medlemmar finner man f\u00f6r n\u00e4ravarande finskspr\u00e5kiga, svenskspr\u00e5kiga och engelskspr\u00e5kiga familjer. Vi \u00e4r en av Suomen Monikkoperheet ry:s 17 medlemsf\u00f6reningar som drivs med frivilliga krafter.<br>V\u00e5r verksamhet \u00e4r mycket m\u00e5ngsidig och vi \u00e4r aktiva. Vi f\u00f6rs\u00f6ker ta h\u00e4nsyn till behoven hos familjer med barn olika \u00e5ldrar och organisera l\u00e4mpliga aktiviteter. Vi erbjuder samtalsst\u00f6d i en lugn och trygg milj\u00f6. &nbsp;Vi ordnar regelbundet \u201cbabytr\u00e4ffar\u201d f\u00f6r mindre barn och deras f\u00f6r\u00e4ldrar. Dessutom har vi varit p\u00e5&nbsp;en familje-kryssning till Ume\u00e5, inomhuslekpark- och parktr\u00e4ffar, familjefotografering, mamma-tr\u00e4ffar med olika teman och f\u00f6r\u00e4ldra-brunsch. Varje \u00e5r firar vi tvilling- och trillingdagen och vi brukar fira lillajulfest tillsammans. V\u00e5r Facebook-grupp f\u00f6r v\u00e5ra medlemmar \u00e4r ocks\u00e5 mycket aktiv.<\/p>\n\n\n\n<p>Tule mukaan toimintaan.<\/p>\n\n\n\n<p>J\u00e4senmaksumme on&nbsp;<strong>22 \u20ac<\/strong>.<\/p>\n\n\n\n<div class=\"wp-block-buttons is-layout-flex wp-block-buttons-is-layout-flex\">\n<div class=\"wp-block-button\"><a class=\"wp-block-button__link wp-element-button\" href=\"https:\/\/monikkoperheet.fi\/jaseneksi\/liittymislomake\/\">T\u00e4yt\u00e4 liittymislomake<\/a><\/div>\n<\/div>\n\n\n\n<hr class=\"wp-block-separator has-alpha-channel-opacity\"\/>\n\n\n\n<h4 class=\"wp-block-heading\">J\u00e4senetuja saatavilla ymp\u00e4ri Suomen<\/h4>\n\n\n\n<p>Koko Suomen etuliikkeet l\u00f6yd\u00e4t p\u00e4\u00e4sivuston, Suomen Monikkoperheet ry:n sivulta&nbsp;<a href=\"https:\/\/monikkoperheet.fi\/jaseneksi\/jasenetuliikkeet\/\">J\u00e4senetuliikkeet<\/a><\/p>\n\n\n\n<hr class=\"wp-block-separator has-alpha-channel-opacity\"\/>\n\n\n\n<p><strong>J\u00e4senedut saat k\u00e4ytt\u00f6\u00f6si, kun maksat yhdistyksen j\u00e4senmaksun ja saat sitten itsellesi k\u00e4ytt\u00f6\u00f6n j\u00e4senkortin (pdf-tiedosto s\u00e4hk\u00f6postiisi).<\/strong><\/p>\n\n\n\n<figure class=\"wp-block-image size-full is-resized\"><img loading=\"lazy\" decoding=\"async\" width=\"300\" height=\"300\" src=\"https:\/\/monikkoperheet.fi\/vaasa\/wp-content\/uploads\/sites\/23\/2021\/02\/vaasan_seudun_monikkoperheet_logo.png\" alt=\"\" class=\"wp-image-152\" style=\"width:258px;height:auto\" srcset=\"https:\/\/monikkoperheet.fi\/vaasa\/wp-content\/uploads\/sites\/23\/2021\/02\/vaasan_seudun_monikkoperheet_logo.png 300w, https:\/\/monikkoperheet.fi\/vaasa\/wp-content\/uploads\/sites\/23\/2021\/02\/vaasan_seudun_monikkoperheet_logo-160x160.png 160w, https:\/\/monikkoperheet.fi\/vaasa\/wp-content\/uploads\/sites\/23\/2021\/02\/vaasan_seudun_monikkoperheet_logo-150x150.png 150w\" sizes=\"auto, (max-width: 300px) 100vw, 300px\" \/><\/figure>\n","protected":false},"excerpt":{"rendered":"<p>TIETOA J\u00c4SENYYDEST\u00c4 Tietoa alueellisen monikkoperheyhdistyksen j\u00e4senyydest\u00e4 J\u00e4seneksi haluava henkil\u00f6\/ perhe liittyy j\u00e4seneksi omalla alueellaan toimivaan monikkoperheyhdistykseen.&nbsp; Vaasan Seudun Monikkoperheet ry&nbsp;on yhdistys, joka toimii kaksos-, kolmos- ja neloslasten vanhempien tukiyhdistyksen\u00e4.Yhdistyksen kotipaikka on Vaasa, mutta j\u00e4seni\u00e4 l\u00f6ytyy my\u00f6s ymp\u00e4r\u00f6ivist\u00e4 kunnista. J\u00e4senin\u00e4 meill\u00e4 on niin suomen-, ruotsin- kuin englanninkielisi\u00e4kin vanhempia. Toimintamme on hyvin aktiivista ja monipuolista. Pyrimme huomioimaan [&hellip;]<\/p>\n","protected":false},"author":1,"featured_media":0,"parent":0,"menu_order":0,"comment_status":"closed","ping_status":"closed","template":"","meta":{"_acf_changed":false,"footnotes":""},"class_list":["post-67","page","type-page","status-publish","hentry"],"acf":[],"aioseo_notices":[],"_links":{"self":[{"href":"https:\/\/monikkoperheet.fi\/vaasa\/wp-json\/wp\/v2\/pages\/67","targetHints":{"allow":["GET"]}}],"collection":[{"href":"https:\/\/monikkoperheet.fi\/vaasa\/wp-json\/wp\/v2\/pages"}],"about":[{"href":"https:\/\/monikkoperheet.fi\/vaasa\/wp-json\/wp\/v2\/types\/page"}],"author":[{"embeddable":true,"href":"https:\/\/monikkoperheet.fi\/vaasa\/wp-json\/wp\/v2\/users\/1"}],"replies":[{"embeddable":true,"href":"https:\/\/monikkoperheet.fi\/vaasa\/wp-json\/wp\/v2\/comments?post=67"}],"version-history":[{"count":4,"href":"https:\/\/monikkoperheet.fi\/vaasa\/wp-json\/wp\/v2\/pages\/67\/revisions"}],"predecessor-version":[{"id":264,"href":"https:\/\/monikkoperheet.fi\/vaasa\/wp-json\/wp\/v2\/pages\/67\/revisions\/264"}],"wp:attachment":[{"href":"https:\/\/monikkoperheet.fi\/vaasa\/wp-json\/wp\/v2\/media?parent=67"}],"curies":[{"name":"wp","href":"https:\/\/api.w.org\/{rel}","templated":true}]}}